{"id":9517,"date":"2021-01-07T11:05:59","date_gmt":"2021-01-07T10:05:59","guid":{"rendered":"https:\/\/confiserie-adam.fr\/boutique\/produit\/oeufs-croustipraline\/"},"modified":"2026-04-13T10:05:04","modified_gmt":"2026-04-13T08:05:04","slug":"oeufs-croustipraline","status":"publish","type":"product","link":"https:\/\/confiserie-adam.fr\/boutique\/produit\/oeufs-croustipraline\/","title":{"rendered":"Oeufs Crousti&#8217;pralin\u00e9"},"content":{"rendered":"<p>Oeufs pralin\u00e9 enrob\u00e9s de chocolat aux \u00e9clats de cr\u00eape dentelle.<\/p>\n<p>&nbsp;<\/p>\n<p><strong>Ingr\u00e9dients principaux :<\/strong><\/p>\n<ul>\n<li>Pralin\u00e9<\/li>\n<li>Cr\u00eape dentelle<\/li>\n<\/ul>\n<p>&nbsp;<\/p>\n<p><strong>Confiserie Adam<\/strong><\/p>\n<p>Entreprise familiale qui a \u00e0 c\u0153ur ses clients. Vous offrir \u00e0 la fois le go\u00fbt, le plaisir gustatif et la qualit\u00e9.<\/p>\n<ul>\n<li>Fabrication fran\u00e7aise depuis 1912<\/li>\n<li>Entreprise du Patrimoine Vivant<\/li>\n<li>Ingr\u00e9dients de qualit\u00e9<\/li>\n<\/ul>\n<p>&nbsp;<\/p>\n<p><strong>Conseils de conservation<\/strong><\/p>\n<p>A conserver \u00e0 l\u2019abri de la lumi\u00e8re et de l\u2019humidit\u00e9, dans un endroit frais et sec.<\/p>\n<p>&nbsp;<\/p>\n<p><strong><u>Ce produit contient<\/u><\/strong><\/p>\n<p><strong>\u0152uf chocolat au lait fourr\u00e9 cr\u00e8me de noisette enrob\u00e9 chocolat blanc avec inclusions d\u2019\u00e9clats de biscuits &#8211; <\/strong>Ingr\u00e9dients: \u0152uf en chocolat lait fourr\u00e9 cr\u00e8me de NOISETTE 64%(sucre, mati\u00e8res grasses v\u00e9g\u00e9tales(coco, palmiste, palme, tournesol, karit\u00e9, colza), beurre de cacao, LAIT entier en poudre, masse de cacao, lactos\u00e9rum en poudre (LAIT), LAIT \u00e9cr\u00e9m\u00e9 en poudre, cacao maigre en poudre, NOISETTE 0,7%, huile v\u00e9g\u00e9tale(palme), LACTOSE, \u00e9mulsifiant: l\u00e9cithine de SOJA, ar\u00f4mes), chocolat blanc 27%(cacao 26% min) (sucre, beurre de cacao, poudre de LAIT entier, poudre de lacyos\u00e9rum(LAIT), \u00e9mulsifiants: l\u00e9cithine de SOJA, E476, ar\u00f4me naturel de vanille), biscuit \u00e9miett\u00e9 au beurre 7%(farine de BLE, sucre, beurre concentr\u00e9(LAIT), sucre du LAIT, prot\u00e9ines de LAIT, sel, extrait de malt d&#8217;ORGE, poudre \u00e0 lever: E500ii), colorants: E120, E141, vernissage (sirop de glucose, sucre, agents d&#8217;enrobage: E904, gomme d&#8217;acacia). Peut contenir d&#8217;autres fruits a coque, oeufs, arachides.<\/p>\n","protected":false},"excerpt":{"rendered":"<p>Des \u0153ufs pralin\u00e9 enrob\u00e9s de chocolat \u00e9clats cr\u00eape dentelle.<\/p>\n","protected":false},"featured_media":9933,"comment_status":"open","ping_status":"closed","template":"","meta":[],"product_cat":[48,657],"product_tag":[],"_links":{"self":[{"href":"https:\/\/confiserie-adam.fr\/boutique\/wp-json\/wp\/v2\/product\/9517"}],"collection":[{"href":"https:\/\/confiserie-adam.fr\/boutique\/wp-json\/wp\/v2\/product"}],"about":[{"href":"https:\/\/confiserie-adam.fr\/boutique\/wp-json\/wp\/v2\/types\/product"}],"replies":[{"embeddable":true,"href":"https:\/\/confiserie-adam.fr\/boutique\/wp-json\/wp\/v2\/comments?post=9517"}],"wp:featuredmedia":[{"embeddable":true,"href":"https:\/\/confiserie-adam.fr\/boutique\/wp-json\/wp\/v2\/media\/9933"}],"wp:attachment":[{"href":"https:\/\/confiserie-adam.fr\/boutique\/wp-json\/wp\/v2\/media?parent=9517"}],"wp:term":[{"taxonomy":"product_cat","embeddable":true,"href":"https:\/\/confiserie-adam.fr\/boutique\/wp-json\/wp\/v2\/product_cat?post=9517"},{"taxonomy":"product_tag","embeddable":true,"href":"https:\/\/confiserie-adam.fr\/boutique\/wp-json\/wp\/v2\/product_tag?post=9517"}],"curies":[{"name":"wp","href":"https:\/\/api.w.org\/{rel}","templated":true}]}}