{"id":8086,"date":"2020-10-28T11:57:51","date_gmt":"2020-10-28T10:57:51","guid":{"rendered":"https:\/\/confiserie-adam.fr\/boutique\/produit\/bonbons-soufflages-meringues-noel\/"},"modified":"2026-04-17T22:48:51","modified_gmt":"2026-04-17T20:48:51","slug":"bonbons-soufflages-meringues-noel-date-courte","status":"publish","type":"product","link":"https:\/\/confiserie-adam.fr\/boutique\/produit\/bonbons-soufflages-meringues-noel-date-courte\/","title":{"rendered":"Bonbons soufflages meringu\u00e9s \u2013 No\u00ebl &#8211; Date courte"},"content":{"rendered":"<p>Soufflages meringu\u00e9s en forme de sujets de No\u00ebl : \u00e9toile, sapin, P\u00e8re No\u00ebl&#8230;<\/p>\n<p>A consommer de pr\u00e9f\u00e9rence avant fin : 08\/2026<\/p>\n<p><strong>Confiserie Adam<\/strong><\/p>\n<p>Entreprise familiale qui a \u00e0 c\u0153ur ses clients. Vous offrir \u00e0 la fois le go\u00fbt, le plaisir gustatif et la qualit\u00e9.<\/p>\n<ul>\n<li>Fabrication fran\u00e7aise depuis 1912<\/li>\n<li>Entreprise du Patrimoine Vivant<\/li>\n<li>Ingr\u00e9dients de qualit\u00e9<\/li>\n<\/ul>\n<p>&nbsp;<\/p>\n<p><strong>Conseils de conservation<\/strong><\/p>\n<p>A conserver \u00e0 l\u2019abri de la lumi\u00e8re et de l\u2019humidit\u00e9, dans un endroit frais et sec.<\/p>\n<p>&nbsp;<\/p>\n<p><strong><u>Ce produit contient<\/u><\/strong><\/p>\n<p><strong>Confiserie meringu\u00e9e aromatis\u00e9e en forme de sujets de No\u00ebl<\/strong><\/p>\n<p><strong>Ingr\u00e9dients\u00a0: <\/strong>Sucre, sirop de glucose, g\u00e9lifiant : g\u00e9latine, acidifiant : acide citrique, ar\u00f4mes, colorants : complexes cuivriques de chlorophyllines, rouge de betterave.<\/p>\n","protected":false},"excerpt":{"rendered":"<p>Bonbons fondants meringu\u00e9s en forme de sapin, \u00e9toile&#8230;<\/p>\n<p>&nbsp;<\/p>\n<p>A consommer de pr\u00e9f\u00e9rence avant fin : 08\/2026<\/p>\n","protected":false},"featured_media":8139,"comment_status":"open","ping_status":"closed","template":"","meta":[],"product_cat":[772,773,589,596],"product_tag":[],"_links":{"self":[{"href":"https:\/\/confiserie-adam.fr\/boutique\/wp-json\/wp\/v2\/product\/8086"}],"collection":[{"href":"https:\/\/confiserie-adam.fr\/boutique\/wp-json\/wp\/v2\/product"}],"about":[{"href":"https:\/\/confiserie-adam.fr\/boutique\/wp-json\/wp\/v2\/types\/product"}],"replies":[{"embeddable":true,"href":"https:\/\/confiserie-adam.fr\/boutique\/wp-json\/wp\/v2\/comments?post=8086"}],"wp:featuredmedia":[{"embeddable":true,"href":"https:\/\/confiserie-adam.fr\/boutique\/wp-json\/wp\/v2\/media\/8139"}],"wp:attachment":[{"href":"https:\/\/confiserie-adam.fr\/boutique\/wp-json\/wp\/v2\/media?parent=8086"}],"wp:term":[{"taxonomy":"product_cat","embeddable":true,"href":"https:\/\/confiserie-adam.fr\/boutique\/wp-json\/wp\/v2\/product_cat?post=8086"},{"taxonomy":"product_tag","embeddable":true,"href":"https:\/\/confiserie-adam.fr\/boutique\/wp-json\/wp\/v2\/product_tag?post=8086"}],"curies":[{"name":"wp","href":"https:\/\/api.w.org\/{rel}","templated":true}]}}