{"id":8085,"date":"2020-10-28T11:57:21","date_gmt":"2020-10-28T10:57:21","guid":{"rendered":"https:\/\/confiserie-adam.fr\/boutique\/produit\/bio-guimauve-chocolat-caramel-150g\/"},"modified":"2026-04-30T17:00:01","modified_gmt":"2026-04-30T15:00:01","slug":"guimauve-chocolat-caramel-bio","status":"publish","type":"product","link":"https:\/\/confiserie-adam.fr\/boutique\/produit\/guimauve-chocolat-caramel-bio\/","title":{"rendered":"Guimauve chocolat caramel Bio"},"content":{"rendered":"<p>Guimauve enrob\u00e9e de chocolat caramel Bio.<\/p>\n<p>\u00c0 consommer de pr\u00e9f\u00e9rence avant fin : 02\/2026<\/p>\n<p><strong>Ingr\u00e9dients principaux :<\/strong><\/p>\n<ul>\n<li>Guimauve tendre<\/li>\n<li>Chocolat caramel<\/li>\n<\/ul>\n<p>&nbsp;<\/p>\n<p><strong>La certification Agriculture Biologique<\/strong><\/p>\n<p>Les gourmandises Confiserie Adam sont certifi\u00e9es agriculture biologique.<\/p>\n<p>Nous s\u00e9lectionnons avec soin nos mati\u00e8res premi\u00e8res pour vous offrir le meilleur.<\/p>\n<p>&nbsp;<\/p>\n<p><strong>Confiserie Adam<\/strong><\/p>\n<p>Entreprise familiale qui a \u00e0 c\u0153ur ses clients. Vous offrir \u00e0 la fois le go\u00fbt, le plaisir gustatif et la qualit\u00e9.<\/p>\n<ul>\n<li>Fabrication fran\u00e7aise depuis 1912<\/li>\n<li>Entreprise du Patrimoine Vivant<\/li>\n<li>Ingr\u00e9dients de qualit\u00e9<\/li>\n<\/ul>\n<p>&nbsp;<\/p>\n<p><strong>Conseils de conservation<\/strong><\/p>\n<p>A conserver \u00e0 l\u2019abri de la lumi\u00e8re et de l\u2019humidit\u00e9, dans un endroit frais et sec.<\/p>\n<p>&nbsp;<\/p>\n<p><strong><u>Ce produit contient<\/u><\/strong><\/p>\n<p><strong>Guimauve enrob\u00e9e chocolat au lait aromatis\u00e9 saveur caramel<\/strong><\/p>\n<p><strong>Ingr\u00e9dients : <\/strong>Chocolat au LAIT* 69%(cacao 39% min.)(sucre*, beurre de cacao*, LAIT entier en poudre*, masse de cacao*, poudre de vanille*), \u0153uf guimauve* 29%(sucre*, sirop de glucose*, dextrose*, g\u00e9lifiant : g\u00e9latine*, agent d\u2019enrobage : huile de tournesol*, cire de carnauba*), ar\u00f4me naturel de caramel*, agent d&#8217;enrobage* (gomme d&#8217;acacia*, saccharose*, miel*). Peut contenir : fruits \u00e0 coque, gluten, \u0153uf, arachides, soja. *Produit issu de l&#8217;agriculture biologique.<\/p>\n","protected":false},"excerpt":{"rendered":"<p><span>Une tendre guimauve enrob\u00e9e de chocolat caramel. Un doux instant gourmand et Bio.<\/span><\/p>\n<p>\u00c0 consommer de pr\u00e9f\u00e9rence avant fin : 02\/2026<\/p>\n","protected":false},"featured_media":39169,"comment_status":"open","ping_status":"closed","template":"","meta":[],"product_cat":[645,649,589,591,48,660,28,39],"product_tag":[],"_links":{"self":[{"href":"https:\/\/confiserie-adam.fr\/boutique\/wp-json\/wp\/v2\/product\/8085"}],"collection":[{"href":"https:\/\/confiserie-adam.fr\/boutique\/wp-json\/wp\/v2\/product"}],"about":[{"href":"https:\/\/confiserie-adam.fr\/boutique\/wp-json\/wp\/v2\/types\/product"}],"replies":[{"embeddable":true,"href":"https:\/\/confiserie-adam.fr\/boutique\/wp-json\/wp\/v2\/comments?post=8085"}],"wp:featuredmedia":[{"embeddable":true,"href":"https:\/\/confiserie-adam.fr\/boutique\/wp-json\/wp\/v2\/media\/39169"}],"wp:attachment":[{"href":"https:\/\/confiserie-adam.fr\/boutique\/wp-json\/wp\/v2\/media?parent=8085"}],"wp:term":[{"taxonomy":"product_cat","embeddable":true,"href":"https:\/\/confiserie-adam.fr\/boutique\/wp-json\/wp\/v2\/product_cat?post=8085"},{"taxonomy":"product_tag","embeddable":true,"href":"https:\/\/confiserie-adam.fr\/boutique\/wp-json\/wp\/v2\/product_tag?post=8085"}],"curies":[{"name":"wp","href":"https:\/\/api.w.org\/{rel}","templated":true}]}}