{"id":56999,"date":"2026-04-23T18:26:32","date_gmt":"2026-04-23T16:26:32","guid":{"rendered":"https:\/\/confiserie-adam.fr\/boutique\/produit\/guimauve-creme-brulee-date-courte-2\/"},"modified":"2026-04-23T18:44:24","modified_gmt":"2026-04-23T16:44:24","slug":"guimauve-creme-brulee-date-courte-2","status":"publish","type":"product","link":"https:\/\/confiserie-adam.fr\/boutique\/produit\/guimauve-creme-brulee-date-courte-2\/","title":{"rendered":"Guimauve cr\u00e8me br\u00fbl\u00e9e &#8211; Date courte"},"content":{"rendered":"<p>Guimauve enrob\u00e9e de chocolat blanc aromatis\u00e9e cr\u00e8me br\u00fbl\u00e9e<\/p>\n<p>A consommer de pr\u00e9f\u00e9rence avant fin : 09\/2026<\/p>\n<p><strong>Confiserie Adam<\/strong><\/p>\n<p>Entreprise familiale qui a \u00e0 c\u0153ur ses clients. Vous offrir \u00e0 la fois le go\u00fbt, le plaisir gustatif et la qualit\u00e9.<\/p>\n<ul>\n<li>Fabrication fran\u00e7aise depuis 1912<\/li>\n<li>Entreprise du Patrimoine Vivant<\/li>\n<li>Ingr\u00e9dients de qualit\u00e9<\/li>\n<\/ul>\n<p><strong>Conseils de conservation<\/strong><\/p>\n<p>\u00c0 conserver \u00e0 l\u2019abri de la lumi\u00e8re et de l\u2019humidit\u00e9, dans un endroit frais et sec.<\/p>\n<p><strong><u>Ce produit contient<\/u><\/strong><\/p>\n<p>Guimauve enrob\u00e9e de chocolat blanc aromatis\u00e9e cr\u00e8me br\u00fbl\u00e9e<\/p>\n<p>Ingr\u00e9dients : chocolat blanc 68% (cacao 28% minimum) (sucre, beurre de cacao, masse de cacao, LAIT entier et LAIT \u00e9cr\u00e9m\u00e9 en poudre), \u00e9mulsifiants (l\u00e9cithine de tournesol, ar\u00f4me), oeuf guilauve 29% (sucre, sirop de glucose, g\u00e9lifiant : g\u00e9latine, ar\u00f4me) vernissage (sirop de glucose, sucre, agent d&#8217;enrobage : E904, gomme d\u2019acacia), beurre de cacao, ar\u00f4me<\/p>\n<p>&nbsp;<\/p>\n<p>Peut contenir : fruits \u00e0 coque, gluten, oeuf, arachides, Poisson<\/p>\n","protected":false},"excerpt":{"rendered":"<p>A consommer de pr\u00e9f\u00e9rence avant fin : 09\/2026<\/p>\n","protected":false},"featured_media":57001,"comment_status":"open","ping_status":"closed","template":"","meta":[],"product_cat":[772,773],"product_tag":[],"_links":{"self":[{"href":"https:\/\/confiserie-adam.fr\/boutique\/wp-json\/wp\/v2\/product\/56999"}],"collection":[{"href":"https:\/\/confiserie-adam.fr\/boutique\/wp-json\/wp\/v2\/product"}],"about":[{"href":"https:\/\/confiserie-adam.fr\/boutique\/wp-json\/wp\/v2\/types\/product"}],"replies":[{"embeddable":true,"href":"https:\/\/confiserie-adam.fr\/boutique\/wp-json\/wp\/v2\/comments?post=56999"}],"wp:featuredmedia":[{"embeddable":true,"href":"https:\/\/confiserie-adam.fr\/boutique\/wp-json\/wp\/v2\/media\/57001"}],"wp:attachment":[{"href":"https:\/\/confiserie-adam.fr\/boutique\/wp-json\/wp\/v2\/media?parent=56999"}],"wp:term":[{"taxonomy":"product_cat","embeddable":true,"href":"https:\/\/confiserie-adam.fr\/boutique\/wp-json\/wp\/v2\/product_cat?post=56999"},{"taxonomy":"product_tag","embeddable":true,"href":"https:\/\/confiserie-adam.fr\/boutique\/wp-json\/wp\/v2\/product_tag?post=56999"}],"curies":[{"name":"wp","href":"https:\/\/api.w.org\/{rel}","templated":true}]}}