{"id":507,"date":"2020-02-24T23:44:46","date_gmt":"2020-02-24T22:44:46","guid":{"rendered":"https:\/\/confiserie-adam.fr\/boutique\/produit\/boite-a-sardines-chocolat\/"},"modified":"2026-04-17T10:00:32","modified_gmt":"2026-04-17T08:00:32","slug":"boite-a-sardines-chocolat-date-courte","status":"publish","type":"product","link":"https:\/\/confiserie-adam.fr\/boutique\/produit\/boite-a-sardines-chocolat-date-courte\/","title":{"rendered":"Boite \u00e0 sardines chocolat &#8211; Date Courte"},"content":{"rendered":"<p>Boite m\u00e9tal Comme un poisson dans l&#8217;eau avec des sardines au chocolat au lait.<\/p>\n<p>\u00c0 consommer de pr\u00e9f\u00e9rence avant fin : 09\/2026<\/p>\n<p><strong>Confiserie Adam<\/strong><\/p>\n<p>Entreprise familiale qui a \u00e0 c\u0153ur ses clients. Vous offrir \u00e0 la fois le go\u00fbt, le plaisir gustatif et la qualit\u00e9.<\/p>\n<ul>\n<li>Fabrication fran\u00e7aise depuis 1912<\/li>\n<li>Entreprise du Patrimoine Vivant<\/li>\n<li>Ingr\u00e9dients de qualit\u00e9<\/li>\n<\/ul>\n<p>&nbsp;<\/p>\n<p><strong>Conseils de conservation<\/strong><\/p>\n<p>A conserver \u00e0 l\u2019abri de la lumi\u00e8re et de l\u2019humidit\u00e9, dans un endroit frais et sec.<\/p>\n<p>&nbsp;<\/p>\n<p><strong><u>Ce produit contient <\/u><\/strong><\/p>\n<p>Drag\u00e9es au chocolat au lait<\/p>\n<p>Ingr\u00e9dients : Chocolat au LAIT 70% (cacao 27% minimum) (sucre, LAIT entier en poudre, beurre de cacao, masse de cacao, \u00e9mulsifiant : l\u00e9cithine de SOJA, ar\u00f4me naturel de vanille), sucre, amidon, maltodextrine, colorants : E100, E120, E133, E153, E160a, agents d&#8217;enrobage : E903, E901. Peut contenir : fruits \u00e0 coque, gluten, oeuf, arachides.<\/p>\n","protected":false},"excerpt":{"rendered":"<p>Une adorable boite \u00e0 sardines\u2026en chocolat !<\/p>\n<p>\u00c0 consommer de pr\u00e9f\u00e9rence avant fin : 09\/2026<\/p>\n","protected":false},"featured_media":567,"comment_status":"open","ping_status":"closed","template":"","meta":[],"product_cat":[772,773,651,652],"product_tag":[],"_links":{"self":[{"href":"https:\/\/confiserie-adam.fr\/boutique\/wp-json\/wp\/v2\/product\/507"}],"collection":[{"href":"https:\/\/confiserie-adam.fr\/boutique\/wp-json\/wp\/v2\/product"}],"about":[{"href":"https:\/\/confiserie-adam.fr\/boutique\/wp-json\/wp\/v2\/types\/product"}],"replies":[{"embeddable":true,"href":"https:\/\/confiserie-adam.fr\/boutique\/wp-json\/wp\/v2\/comments?post=507"}],"wp:featuredmedia":[{"embeddable":true,"href":"https:\/\/confiserie-adam.fr\/boutique\/wp-json\/wp\/v2\/media\/567"}],"wp:attachment":[{"href":"https:\/\/confiserie-adam.fr\/boutique\/wp-json\/wp\/v2\/media?parent=507"}],"wp:term":[{"taxonomy":"product_cat","embeddable":true,"href":"https:\/\/confiserie-adam.fr\/boutique\/wp-json\/wp\/v2\/product_cat?post=507"},{"taxonomy":"product_tag","embeddable":true,"href":"https:\/\/confiserie-adam.fr\/boutique\/wp-json\/wp\/v2\/product_tag?post=507"}],"curies":[{"name":"wp","href":"https:\/\/api.w.org\/{rel}","templated":true}]}}