{"id":46457,"date":"2025-04-07T08:56:33","date_gmt":"2025-04-07T06:56:33","guid":{"rendered":"https:\/\/confiserie-adam.fr\/boutique\/produit\/lapin-carotte-chocolat-noir\/"},"modified":"2026-04-23T18:50:45","modified_gmt":"2026-04-23T16:50:45","slug":"lapin-carotte-chocolat-noir","status":"publish","type":"product","link":"https:\/\/confiserie-adam.fr\/boutique\/produit\/lapin-carotte-chocolat-noir\/","title":{"rendered":"Lapin Carotte &#8211; Chocolat noir"},"content":{"rendered":"<p>Moulage lapin carotte &#8211; Chocolat noir &#8211; H 18 cm<\/p>\n<p>&nbsp;<\/p>\n<p><strong>Confiserie Adam<\/strong><\/p>\n<p>Entreprise familiale qui a \u00e0 c\u0153ur ses clients. Vous offrir \u00e0 la fois le go\u00fbt, le plaisir gustatif et la qualit\u00e9.<\/p>\n<ul>\n<li>Fabrication fran\u00e7aise depuis 1912<\/li>\n<li>Entreprise du Patrimoine Vivant<\/li>\n<li>Ingr\u00e9dients de qualit\u00e9<\/li>\n<\/ul>\n<p>&nbsp;<\/p>\n<p><strong>Conseils de conservation<\/strong><\/p>\n<p>\u00c0 conserver \u00e0 l\u2019abri de la lumi\u00e8re et de l\u2019humidit\u00e9, dans un endroit frais et sec.<\/p>\n<p>&nbsp;<\/p>\n<p><strong><u>Ce produit contient<\/u><\/strong><\/p>\n<p>Moulage chocolat noir &#8211; Ingr\u00e9dients : masse de cacao, sucre, \u00e9mulsifiant : l\u00e9cithine de SOJA<\/p>\n<p>D\u00e9cor chocolat blanc &#8211; Ingr\u00e9dients : sucre, beurre de cacao, LAIT entier en poudre, \u00e9mulsifiant : l\u00e9cithine de SOJA, ar\u00f4me naturel de vanille<\/p>\n<p>Peut contenir : fruits \u00e0 coque, gluten, \u0153uf, arachide<\/p>\n<p>Chocolat noir : cacao 71% minimum<\/p>\n<p>Chocolat blanc : cacao 29% minimum<\/p>\n<p>Chocolat fabriqu\u00e9 en UE &#8211; F\u00e8ves de cacao origine non-UE<\/p>\n","protected":false},"excerpt":{"rendered":"<p>Chocolat noir<\/p>\n","protected":false},"featured_media":46471,"comment_status":"open","ping_status":"closed","template":"","meta":[],"product_cat":[48,654],"product_tag":[],"_links":{"self":[{"href":"https:\/\/confiserie-adam.fr\/boutique\/wp-json\/wp\/v2\/product\/46457"}],"collection":[{"href":"https:\/\/confiserie-adam.fr\/boutique\/wp-json\/wp\/v2\/product"}],"about":[{"href":"https:\/\/confiserie-adam.fr\/boutique\/wp-json\/wp\/v2\/types\/product"}],"replies":[{"embeddable":true,"href":"https:\/\/confiserie-adam.fr\/boutique\/wp-json\/wp\/v2\/comments?post=46457"}],"wp:featuredmedia":[{"embeddable":true,"href":"https:\/\/confiserie-adam.fr\/boutique\/wp-json\/wp\/v2\/media\/46471"}],"wp:attachment":[{"href":"https:\/\/confiserie-adam.fr\/boutique\/wp-json\/wp\/v2\/media?parent=46457"}],"wp:term":[{"taxonomy":"product_cat","embeddable":true,"href":"https:\/\/confiserie-adam.fr\/boutique\/wp-json\/wp\/v2\/product_cat?post=46457"},{"taxonomy":"product_tag","embeddable":true,"href":"https:\/\/confiserie-adam.fr\/boutique\/wp-json\/wp\/v2\/product_tag?post=46457"}],"curies":[{"name":"wp","href":"https:\/\/api.w.org\/{rel}","templated":true}]}}

<p>Moulage lapin carotte &#8211; Chocolat noir &#8211; H 18 cm</p>
<p>&nbsp;</p>
<p><strong>Confiserie Adam</strong></p>
<p>Entreprise familiale qui a à cœur ses clients. Vous offrir à la fois le goût, le plaisir gustatif et la qualité.</p>
<ul>
<li>Fabrication française depuis 1912</li>
<li>Entreprise du Patrimoine Vivant</li>
<li>Ingrédients de qualité</li>
</ul>
<p>&nbsp;</p>
<p><strong>Conseils de conservation</strong></p>
<p>À conserver à l’abri de la lumière et de l’humidité, dans un endroit frais et sec.</p>
<p>&nbsp;</p>
<p><strong><u>Ce produit contient</u></strong></p>
<p>Moulage chocolat noir &#8211; Ingrédients : masse de cacao, sucre, émulsifiant : lécithine de SOJA</p>
<p>Décor chocolat blanc &#8211; Ingrédients : sucre, beurre de cacao, LAIT entier en poudre, émulsifiant : lécithine de SOJA, arôme naturel de vanille</p>
<p>Peut contenir : fruits à coque, gluten, œuf, arachide</p>
<p>Chocolat noir : cacao 71% minimum</p>
<p>Chocolat blanc : cacao 29% minimum</p>
<p>Chocolat fabriqué en UE &#8211; Fèves de cacao origine non-UE</p>
