{"id":46184,"date":"2025-04-03T09:26:19","date_gmt":"2025-04-03T07:26:19","guid":{"rendered":"https:\/\/confiserie-adam.fr\/boutique\/produit\/perles-fondantes-speculoos-chocolat-blanc\/"},"modified":"2026-04-23T08:51:46","modified_gmt":"2026-04-23T06:51:46","slug":"perles-fondantes-speculoos-chocolat-blanc","status":"publish","type":"product","link":"https:\/\/confiserie-adam.fr\/boutique\/produit\/perles-fondantes-speculoos-chocolat-blanc\/","title":{"rendered":"Perles fondantes Speculoos &#8211; chocolat blanc"},"content":{"rendered":"<p>Perles fondantes \u00e0 base de caramel enrob\u00e9es chocolat blanc et p\u00e2te de sp\u00e9culoos.<\/p>\n<p>&nbsp;<\/p>\n<p><strong>Confiserie Adam<\/strong><\/p>\n<p>Entreprise familiale qui a \u00e0 c\u0153ur ses clients. Vous offrir \u00e0 la fois le go\u00fbt, le plaisir gustatif et la qualit\u00e9.<\/p>\n<ul>\n<li>Fabrication fran\u00e7aise depuis 1912<\/li>\n<li>Entreprise du Patrimoine Vivant<\/li>\n<li>Ingr\u00e9dients de qualit\u00e9<\/li>\n<\/ul>\n<p>&nbsp;<\/p>\n<p><strong>Conseils de conservation<\/strong><\/p>\n<p>\u00c0 conserver \u00e0 l\u2019abri de la lumi\u00e8re et de l\u2019humidit\u00e9, dans un endroit frais et sec.<\/p>\n<p>&nbsp;<\/p>\n<p><strong><u>Ce produit contient<\/u><\/strong><\/p>\n<p>Billes fondantes \u00e0 base de caramel (39.6%) enrob\u00e9es de chocolat blanc (44,6%) et p\u00e2te de sp\u00e9culoos (14.9%)<\/p>\n<p>Ingr\u00e9dients : sucre, cr\u00e8me (LAIT), beurre de cacao (origine non UE), sirop de glucose, farine de BLE (origine UE), beurre (LAIT), LAIT entier en poudre, LAIT \u00e9cr\u00e9m\u00e9 en poudre, huiles v\u00e9g\u00e9tales (palme, colza), mati\u00e8res grasses laiti\u00e8res (LAIT), lactos\u00e9rum en poudre (LAIT), sirop de sucre Candi, \u00e9mulsifiant : l\u00e9cithines de tournesol et colza, agents d&#8217;enrobage (shellac, gomme d&#8217;acacia), poudre \u00e0 lever, carbonate acide de sodium, sel, cannelle, ar\u00f4mes naturels, extrait naturel de vanille, fleur de sel de Gu\u00e9rande, acidifiant : acide citrique, \u00e9paississant : carragh\u00e9nanes.<\/p>\n<p>Chocolat blanc : cacao 32% minimum<\/p>\n<p>Peut contenir : fruits \u00e0 coque, \u0153uf, s\u00e9same, arachide, soja<\/p>\n","protected":false},"excerpt":{"rendered":"<p>Billes fondantes \u00e0 base de caramel et de p\u00e2te de sp\u00e9culoos.<\/p>\n","protected":false},"featured_media":46199,"comment_status":"open","ping_status":"closed","template":"","meta":[],"product_cat":[29,44],"product_tag":[],"_links":{"self":[{"href":"https:\/\/confiserie-adam.fr\/boutique\/wp-json\/wp\/v2\/product\/46184"}],"collection":[{"href":"https:\/\/confiserie-adam.fr\/boutique\/wp-json\/wp\/v2\/product"}],"about":[{"href":"https:\/\/confiserie-adam.fr\/boutique\/wp-json\/wp\/v2\/types\/product"}],"replies":[{"embeddable":true,"href":"https:\/\/confiserie-adam.fr\/boutique\/wp-json\/wp\/v2\/comments?post=46184"}],"wp:featuredmedia":[{"embeddable":true,"href":"https:\/\/confiserie-adam.fr\/boutique\/wp-json\/wp\/v2\/media\/46199"}],"wp:attachment":[{"href":"https:\/\/confiserie-adam.fr\/boutique\/wp-json\/wp\/v2\/media?parent=46184"}],"wp:term":[{"taxonomy":"product_cat","embeddable":true,"href":"https:\/\/confiserie-adam.fr\/boutique\/wp-json\/wp\/v2\/product_cat?post=46184"},{"taxonomy":"product_tag","embeddable":true,"href":"https:\/\/confiserie-adam.fr\/boutique\/wp-json\/wp\/v2\/product_tag?post=46184"}],"curies":[{"name":"wp","href":"https:\/\/api.w.org\/{rel}","templated":true}]}}