{"id":46183,"date":"2025-04-03T09:26:17","date_gmt":"2025-04-03T07:26:17","guid":{"rendered":"https:\/\/confiserie-adam.fr\/boutique\/produit\/perles-fondantes-nougat-chocolat-blanc\/"},"modified":"2026-05-05T11:23:46","modified_gmt":"2026-05-05T09:23:46","slug":"perles-fondantes-nougat-chocolat-blanc","status":"publish","type":"product","link":"https:\/\/confiserie-adam.fr\/boutique\/produit\/perles-fondantes-nougat-chocolat-blanc\/","title":{"rendered":"Perles fondantes Nougat &#8211; Chocolat blanc"},"content":{"rendered":"<p>Perles fondantes \u00e0 base de p\u00e2te de nougat enrob\u00e9es de chocolat blanc.<\/p>\n<p>&nbsp;<\/p>\n<p>&nbsp;<\/p>\n<p><strong>Confiserie Adam<\/strong><\/p>\n<p>Entreprise familiale qui a \u00e0 c\u0153ur ses clients. Vous offrir \u00e0 la fois le go\u00fbt, le plaisir gustatif et la qualit\u00e9.<\/p>\n<ul>\n<li>Fabrication fran\u00e7aise depuis 1912<\/li>\n<li>Entreprise du Patrimoine Vivant<\/li>\n<li>Ingr\u00e9dients de qualit\u00e9<\/li>\n<\/ul>\n<p>&nbsp;<\/p>\n<p><strong>Conseils de conservation<\/strong><\/p>\n<p>\u00c0 conserver \u00e0 l\u2019abri de la lumi\u00e8re et de l\u2019humidit\u00e9, dans un endroit frais et sec.<\/p>\n<p>&nbsp;<\/p>\n<p><strong><u>Ce produit contient<\/u><\/strong><\/p>\n<p>Billes fondantes \u00e0 base de p\u00e2te de nougat enrob\u00e9es de chocolat blanc<\/p>\n<p>Ingr\u00e9dients : Sucre, beurre de cacao (origine non-UE), LAIT entier en poudre, AMANDES grill\u00e9es 12% (origine non-UE), sirop de glucose, miel 2,3%, AMANDES, sucre inverti, sirop de sucre inverti, ar\u00f4me naturel de vanille, ar\u00f4me nougat, vanilline, masse de cacao, agents d&#8217;enrobage (shellac, gomme d&#8217;acacia), \u00e9mulsifiant : l\u00e9cithine de SOJA, amidon de ma\u00efs, blanc d&#8217;OEUF, stabilisant : sorbitol, conservateur : acide sorbique.<\/p>\n<p>Chocolat blanc : cacao 29% minimum<\/p>\n","protected":false},"excerpt":{"rendered":"<p>Billes fondantes \u00e0 base de cr\u00e8me de nougat.<\/p>\n<p>&nbsp;<\/p>\n","protected":false},"featured_media":46201,"comment_status":"open","ping_status":"closed","template":"","meta":[],"product_cat":[29,44],"product_tag":[],"_links":{"self":[{"href":"https:\/\/confiserie-adam.fr\/boutique\/wp-json\/wp\/v2\/product\/46183"}],"collection":[{"href":"https:\/\/confiserie-adam.fr\/boutique\/wp-json\/wp\/v2\/product"}],"about":[{"href":"https:\/\/confiserie-adam.fr\/boutique\/wp-json\/wp\/v2\/types\/product"}],"replies":[{"embeddable":true,"href":"https:\/\/confiserie-adam.fr\/boutique\/wp-json\/wp\/v2\/comments?post=46183"}],"wp:featuredmedia":[{"embeddable":true,"href":"https:\/\/confiserie-adam.fr\/boutique\/wp-json\/wp\/v2\/media\/46201"}],"wp:attachment":[{"href":"https:\/\/confiserie-adam.fr\/boutique\/wp-json\/wp\/v2\/media?parent=46183"}],"wp:term":[{"taxonomy":"product_cat","embeddable":true,"href":"https:\/\/confiserie-adam.fr\/boutique\/wp-json\/wp\/v2\/product_cat?post=46183"},{"taxonomy":"product_tag","embeddable":true,"href":"https:\/\/confiserie-adam.fr\/boutique\/wp-json\/wp\/v2\/product_tag?post=46183"}],"curies":[{"name":"wp","href":"https:\/\/api.w.org\/{rel}","templated":true}]}}