{"id":44017,"date":"2025-01-30T15:57:45","date_gmt":"2025-01-30T14:57:45","guid":{"rendered":"https:\/\/confiserie-adam.fr\/boutique\/produit\/coeur-rouge-praline-coeur\/"},"modified":"2026-03-28T08:26:41","modified_gmt":"2026-03-28T07:26:41","slug":"coeur-rouge-praline-coeur","status":"publish","type":"product","link":"https:\/\/confiserie-adam.fr\/boutique\/produit\/coeur-rouge-praline-coeur\/","title":{"rendered":"Coeur rouge &#8211; pralin\u00e9 coeur"},"content":{"rendered":"<p>Pot en forme de c\u0153ur garni de c\u0153urs chocolat au lait int\u00e9rieur pralin\u00e9.<\/p>\n<p>&nbsp;<\/p>\n<p><strong>Ingr\u00e9dients principaux :<\/strong><\/p>\n<ul>\n<li>Chocolat au lait<\/li>\n<li>Pralin\u00e9<\/li>\n<\/ul>\n<p>&nbsp;<\/p>\n<p><strong>Confiserie Adam<\/strong><\/p>\n<p>Entreprise familiale qui a \u00e0 c\u0153ur ses clients. Vous offrir \u00e0 la fois le go\u00fbt, le plaisir gustatif et la qualit\u00e9.<\/p>\n<ul>\n<li>Fabrication fran\u00e7aise depuis 1912<\/li>\n<li>Entreprise du Patrimoine Vivant<\/li>\n<li>Ingr\u00e9dients de qualit\u00e9<\/li>\n<\/ul>\n<p>&nbsp;<\/p>\n<p><strong>Conseils de conservation<\/strong><\/p>\n<p>\u00c0 conserver \u00e0 l\u2019abri de la lumi\u00e8re et de l\u2019humidit\u00e9, dans un endroit frais et sec.<\/p>\n<p>&nbsp;<\/p>\n<p><strong><u>Ce produit contient<\/u><\/strong><\/p>\n<p>Bonbon de chocolat au lait, fourr\u00e9 pralin\u00e9<\/p>\n<p>Ingr\u00e9dients : pralin\u00e9 30% (NOISETTES, sucre), sucre, masse de cacao, poudre de LAIT entier, beurre de cacao, LACTOSE, beurre p\u00e2tissier (LAIT), poudre de cacao, \u00e9mulsifiant : l\u00e9cithine de SOJA, sel, ar\u00f4me naturel de vanille.<\/p>\n<p>Peut contenir des traces d&#8217;\u0153ufs, de gluten, d&#8217;arachides, de graines de s\u00e9same et d&#8217;autres fruits \u00e0 coque<\/p>\n","protected":false},"excerpt":{"rendered":"<p>C\u0153urs chocolat au lait int\u00e9rieur pralin\u00e9.<\/p>\n","protected":false},"featured_media":44067,"comment_status":"open","ping_status":"closed","template":"","meta":[],"product_cat":[563],"product_tag":[],"_links":{"self":[{"href":"https:\/\/confiserie-adam.fr\/boutique\/wp-json\/wp\/v2\/product\/44017"}],"collection":[{"href":"https:\/\/confiserie-adam.fr\/boutique\/wp-json\/wp\/v2\/product"}],"about":[{"href":"https:\/\/confiserie-adam.fr\/boutique\/wp-json\/wp\/v2\/types\/product"}],"replies":[{"embeddable":true,"href":"https:\/\/confiserie-adam.fr\/boutique\/wp-json\/wp\/v2\/comments?post=44017"}],"wp:featuredmedia":[{"embeddable":true,"href":"https:\/\/confiserie-adam.fr\/boutique\/wp-json\/wp\/v2\/media\/44067"}],"wp:attachment":[{"href":"https:\/\/confiserie-adam.fr\/boutique\/wp-json\/wp\/v2\/media?parent=44017"}],"wp:term":[{"taxonomy":"product_cat","embeddable":true,"href":"https:\/\/confiserie-adam.fr\/boutique\/wp-json\/wp\/v2\/product_cat?post=44017"},{"taxonomy":"product_tag","embeddable":true,"href":"https:\/\/confiserie-adam.fr\/boutique\/wp-json\/wp\/v2\/product_tag?post=44017"}],"curies":[{"name":"wp","href":"https:\/\/api.w.org\/{rel}","templated":true}]}}