{"id":431,"date":"2020-02-24T23:41:30","date_gmt":"2020-02-24T22:41:30","guid":{"rendered":"https:\/\/confiserie-adam.fr\/boutique\/produit\/dragee-guimauve-coloris-lilas\/"},"modified":"2026-04-14T18:02:32","modified_gmt":"2026-04-14T16:02:32","slug":"guimauve-drageifiee-coloris-lilas","status":"publish","type":"product","link":"https:\/\/confiserie-adam.fr\/boutique\/produit\/guimauve-drageifiee-coloris-lilas\/","title":{"rendered":"Guimauve drag\u00e9ifi\u00e9e &#8211; Coloris Lilas"},"content":{"rendered":"<p>Guimauve enrob\u00e9e de chocolat noir sous une fine couche de sucre &#8211; Coloris Lilas.<\/p>\n<p>&nbsp;<\/p>\n<p><em>Environ 75 pi\u00e8ces par sachet (donn\u00e9es \u00e0 titre indicatif \u00e0 plus ou moins 15 pi\u00e8ces).<\/em><\/p>\n<p>&nbsp;<\/p>\n<p><strong>Ingr\u00e9dients principaux :<\/strong><\/p>\n<ul>\n<li>Tendre guimauve<\/li>\n<li>Chocolat noir<\/li>\n<\/ul>\n<p>&nbsp;<\/p>\n<p><strong>Confiserie Adam<\/strong><\/p>\n<p>Entreprise familiale qui a \u00e0 c\u0153ur ses clients. Vous offrir \u00e0 la fois le go\u00fbt, le plaisir gustatif et la qualit\u00e9.<\/p>\n<ul>\n<li>Fabrication fran\u00e7aise depuis 1912<\/li>\n<li>Entreprise du Patrimoine Vivant<\/li>\n<li>Ingr\u00e9dients de qualit\u00e9<\/li>\n<\/ul>\n<p>&nbsp;<\/p>\n<p><strong>Conseils de conservation<\/strong><\/p>\n<p>A conserver \u00e0 l\u2019abri de la lumi\u00e8re et de l\u2019humidit\u00e9, dans un endroit frais et sec.<\/p>\n<p>&nbsp;<\/p>\n<p><strong><u>Ce produit contient <\/u><\/strong><\/p>\n<p>Guimauve enrob\u00e9e de chocolat noir et drag\u00e9ifi\u00e9e<\/p>\n<p>Ingr\u00e9dients : Sucre, guimauve 29% (Sucre, sirop de glucose, g\u00e9lifiant : g\u00e9latine, agent d\u2019enrobage : huile de coco, huile de colza, cire de carnauba), chocolat noir 19% (cacao 73% minimum)(masse de cacao, sucre, \u00e9mulsifiant : l\u00e9cithine de SOJA), amidon de riz, stabilisant : gomme d&#8217;acacia, agents d&#8217;enrobage : E901, E903, E904, ar\u00f4mes, f\u00e9cule de pomme de terre, colorants : E124, E133. Peut contenir : fruits \u00e0 coque, gluten, oeuf, arachides, lait. E124 : peut avoir des effets ind\u00e9sirables sur l&#8217;activit\u00e9 et l&#8217;attention chez les enfants.<\/p>\n","protected":false},"excerpt":{"rendered":"<p>Tendre guimauve enrob\u00e9e de chocolat noir sous une fine couche de sucre. La drag\u00e9e tout en douceur.<\/p>\n","protected":false},"featured_media":39782,"comment_status":"open","ping_status":"closed","template":"","meta":[],"product_cat":[645,650,652,30,47],"product_tag":[],"_links":{"self":[{"href":"https:\/\/confiserie-adam.fr\/boutique\/wp-json\/wp\/v2\/product\/431"}],"collection":[{"href":"https:\/\/confiserie-adam.fr\/boutique\/wp-json\/wp\/v2\/product"}],"about":[{"href":"https:\/\/confiserie-adam.fr\/boutique\/wp-json\/wp\/v2\/types\/product"}],"replies":[{"embeddable":true,"href":"https:\/\/confiserie-adam.fr\/boutique\/wp-json\/wp\/v2\/comments?post=431"}],"wp:featuredmedia":[{"embeddable":true,"href":"https:\/\/confiserie-adam.fr\/boutique\/wp-json\/wp\/v2\/media\/39782"}],"wp:attachment":[{"href":"https:\/\/confiserie-adam.fr\/boutique\/wp-json\/wp\/v2\/media?parent=431"}],"wp:term":[{"taxonomy":"product_cat","embeddable":true,"href":"https:\/\/confiserie-adam.fr\/boutique\/wp-json\/wp\/v2\/product_cat?post=431"},{"taxonomy":"product_tag","embeddable":true,"href":"https:\/\/confiserie-adam.fr\/boutique\/wp-json\/wp\/v2\/product_tag?post=431"}],"curies":[{"name":"wp","href":"https:\/\/api.w.org\/{rel}","templated":true}]}}