{"id":40138,"date":"2024-07-31T15:22:23","date_gmt":"2024-07-31T13:22:23","guid":{"rendered":"https:\/\/confiserie-adam.fr\/boutique\/produit\/dragee-amande-mediterraneenne-alsace-coloris-lavande\/"},"modified":"2026-04-23T09:04:46","modified_gmt":"2026-04-23T07:04:46","slug":"dragee-amande-mediterraneenne-alsace-coloris-lavande","status":"publish","type":"product","link":"https:\/\/confiserie-adam.fr\/boutique\/produit\/dragee-amande-mediterraneenne-alsace-coloris-lavande\/","title":{"rendered":"Drag\u00e9e amande M\u00e9dit\u00e9rran\u00e9enne Alsace &#8211; Coloris Lavande"},"content":{"rendered":"<p>Amande sous une fine couche de sucre \u2013 Alsace \u2013 Coloris Lavande<\/p>\n<p><em>Environ 90 pi\u00e8ces par sachet (donn\u00e9es \u00e0 titre indicatif \u00e0 plus ou moins 15 pi\u00e8ces).<\/em><\/p>\n<p>&nbsp;<\/p>\n<p><strong>Confiserie Adam<\/strong><\/p>\n<p>Entreprise familiale qui a \u00e0 c\u0153ur ses clients. Vous offrir \u00e0 la fois le go\u00fbt, le plaisir gustatif et la qualit\u00e9.<\/p>\n<ul>\n<li>Fabrication fran\u00e7aise depuis 1912<\/li>\n<li>Entreprise du Patrimoine Vivant<\/li>\n<li>Ingr\u00e9dients de qualit\u00e9<\/li>\n<\/ul>\n<p>&nbsp;<\/p>\n<p><strong>Conseils de conservation<\/strong><\/p>\n<p>\u00c0 conserver \u00e0 l\u2019abri de la lumi\u00e8re et de l\u2019humidit\u00e9, dans un endroit frais et sec.<\/p>\n<p>&nbsp;<\/p>\n<p><strong><u>Ce produit contient<\/u><\/strong><\/p>\n<p>Drag\u00e9es aux amandes<\/p>\n<p>Ingr\u00e9dients : sucre, AMANDE 43%, amidon de riz, stabilisant, gomme d&#8217;acacia, sucre glace (sucre, f\u00e9cule de pomme de terre), ar\u00f4me naturel de vanille, agents d&#8217;enrobage (cire d&#8217;abeille blanche et jaune, cire de carnauba), colorant E132<\/p>\n<p>Amande origine UE (Espagne) &#8211; Sucre origine UE<\/p>\n<p>Peut contenir : autres fruits \u00e0 coque, gluten, arachides, \u0153uf, lait, soja<\/p>\n","protected":false},"excerpt":{"rendered":"<p><span>Drag\u00e9e amande Alsace &#8211; <\/span>Amande espagnole 43%<\/p>\n","protected":false},"featured_media":40168,"comment_status":"open","ping_status":"closed","template":"","meta":[],"product_cat":[30,45],"product_tag":[],"_links":{"self":[{"href":"https:\/\/confiserie-adam.fr\/boutique\/wp-json\/wp\/v2\/product\/40138"}],"collection":[{"href":"https:\/\/confiserie-adam.fr\/boutique\/wp-json\/wp\/v2\/product"}],"about":[{"href":"https:\/\/confiserie-adam.fr\/boutique\/wp-json\/wp\/v2\/types\/product"}],"replies":[{"embeddable":true,"href":"https:\/\/confiserie-adam.fr\/boutique\/wp-json\/wp\/v2\/comments?post=40138"}],"wp:featuredmedia":[{"embeddable":true,"href":"https:\/\/confiserie-adam.fr\/boutique\/wp-json\/wp\/v2\/media\/40168"}],"wp:attachment":[{"href":"https:\/\/confiserie-adam.fr\/boutique\/wp-json\/wp\/v2\/media?parent=40138"}],"wp:term":[{"taxonomy":"product_cat","embeddable":true,"href":"https:\/\/confiserie-adam.fr\/boutique\/wp-json\/wp\/v2\/product_cat?post=40138"},{"taxonomy":"product_tag","embeddable":true,"href":"https:\/\/confiserie-adam.fr\/boutique\/wp-json\/wp\/v2\/product_tag?post=40138"}],"curies":[{"name":"wp","href":"https:\/\/api.w.org\/{rel}","templated":true}]}}