{"id":375,"date":"2020-02-24T23:39:09","date_gmt":"2020-02-24T22:39:09","guid":{"rendered":"https:\/\/confiserie-adam.fr\/boutique\/produit\/mexicaine\/"},"modified":"2026-04-15T16:17:48","modified_gmt":"2026-04-15T14:17:48","slug":"dragees-aux-amandes-grillees-mexicaine","status":"publish","type":"product","link":"https:\/\/confiserie-adam.fr\/boutique\/produit\/dragees-aux-amandes-grillees-mexicaine\/","title":{"rendered":"Drag\u00e9es aux amandes grill\u00e9es &#8211; Mexicaine"},"content":{"rendered":"<p>Amande grill\u00e9e sous une fine couche de sucre.<\/p>\n<p>&nbsp;<\/p>\n<p><em>Environ 126 pi\u00e8ces par sachet (donn\u00e9es \u00e0 titre indicatif \u00e0 plus ou moins 15 pi\u00e8ces).<\/em><\/p>\n<p>&nbsp;<\/p>\n<p><strong>Ingr\u00e9dients principaux :<\/strong><\/p>\n<ul>\n<li>Amande grill\u00e9e<\/li>\n<li>Sucre<\/li>\n<\/ul>\n<p>&nbsp;<\/p>\n<p><strong>Confiserie Adam<\/strong><\/p>\n<p>Entreprise familiale qui a \u00e0 c\u0153ur ses clients. Vous offrir \u00e0 la fois le go\u00fbt, le plaisir gustatif et la qualit\u00e9.<\/p>\n<ul>\n<li>Fabrication fran\u00e7aise depuis 1912<\/li>\n<li>Entreprise du Patrimoine Vivant<\/li>\n<li>Ingr\u00e9dients de qualit\u00e9<\/li>\n<\/ul>\n<p>&nbsp;<\/p>\n<p><strong>Conseils de conservation<\/strong><\/p>\n<p>A conserver \u00e0 l\u2019abri de la lumi\u00e8re et de l\u2019humidit\u00e9, dans un endroit frais et sec.<\/p>\n<p>&nbsp;<\/p>\n<p><strong><u>Ce produit contient <\/u><\/strong><\/p>\n<p>Drag\u00e9es aux amandes grill\u00e9es<\/p>\n<p>Ingr\u00e9dients : sucre, AMANDE grill\u00e9e 46%, stabilisant : gomme d&#8217;acacia, amidon de riz, ar\u00f4me naturel de vanille. Peut contenir d&#8217;autres fruits \u00e0 coque, gluten, \u0153uf, arcahides, soja, lait.<\/p>\n","protected":false},"excerpt":{"rendered":"<p>Amande grill\u00e9e sous une fine couche de sucre.<\/p>\n","protected":false},"featured_media":28805,"comment_status":"open","ping_status":"closed","template":"","meta":[],"product_cat":[645,652,30,45],"product_tag":[],"_links":{"self":[{"href":"https:\/\/confiserie-adam.fr\/boutique\/wp-json\/wp\/v2\/product\/375"}],"collection":[{"href":"https:\/\/confiserie-adam.fr\/boutique\/wp-json\/wp\/v2\/product"}],"about":[{"href":"https:\/\/confiserie-adam.fr\/boutique\/wp-json\/wp\/v2\/types\/product"}],"replies":[{"embeddable":true,"href":"https:\/\/confiserie-adam.fr\/boutique\/wp-json\/wp\/v2\/comments?post=375"}],"wp:featuredmedia":[{"embeddable":true,"href":"https:\/\/confiserie-adam.fr\/boutique\/wp-json\/wp\/v2\/media\/28805"}],"wp:attachment":[{"href":"https:\/\/confiserie-adam.fr\/boutique\/wp-json\/wp\/v2\/media?parent=375"}],"wp:term":[{"taxonomy":"product_cat","embeddable":true,"href":"https:\/\/confiserie-adam.fr\/boutique\/wp-json\/wp\/v2\/product_cat?post=375"},{"taxonomy":"product_tag","embeddable":true,"href":"https:\/\/confiserie-adam.fr\/boutique\/wp-json\/wp\/v2\/product_tag?post=375"}],"curies":[{"name":"wp","href":"https:\/\/api.w.org\/{rel}","templated":true}]}}