{"id":373,"date":"2020-02-24T23:39:05","date_gmt":"2020-02-24T22:39:05","guid":{"rendered":"https:\/\/confiserie-adam.fr\/boutique\/produit\/viennoise-coloris-blanc\/"},"modified":"2026-04-14T18:00:02","modified_gmt":"2026-04-14T16:00:02","slug":"dragee-amande-grillee-et-chocolat-viennoise-coloris-blanc","status":"publish","type":"product","link":"https:\/\/confiserie-adam.fr\/boutique\/produit\/dragee-amande-grillee-et-chocolat-viennoise-coloris-blanc\/","title":{"rendered":"Drag\u00e9e amande grill\u00e9e et chocolat &#8211; Viennoise &#8211; Coloris Blanc"},"content":{"rendered":"<p>Amande grill\u00e9e enrob\u00e9e de chocolat noir sous une fine couche de sucre &#8211; Coloris Blanc.<\/p>\n<p>&nbsp;<\/p>\n<p><em>Environ 75 pi\u00e8ces par sachet (donn\u00e9es \u00e0 titre indicatif \u00e0 plus ou moins 15 pi\u00e8ces).<\/em><\/p>\n<p>&nbsp;<\/p>\n<p><strong>Ingr\u00e9dients principaux :<\/strong><\/p>\n<ul>\n<li>Amande grill\u00e9e<\/li>\n<li>Chocolat noir<\/li>\n<\/ul>\n<p>&nbsp;<\/p>\n<p><strong>Confiserie Adam<\/strong><\/p>\n<p>Entreprise familiale qui a \u00e0 c\u0153ur ses clients. Vous offrir \u00e0 la fois le go\u00fbt, le plaisir gustatif et la qualit\u00e9.<\/p>\n<ul>\n<li>Fabrication fran\u00e7aise depuis 1912<\/li>\n<li>Entreprise du Patrimoine Vivant<\/li>\n<li>Ingr\u00e9dients de qualit\u00e9<\/li>\n<\/ul>\n<p>&nbsp;<\/p>\n<p><strong>Conseils de conservation<\/strong><\/p>\n<p>A conserver \u00e0 l\u2019abri de la lumi\u00e8re et de l\u2019humidit\u00e9, dans un endroit frais et sec.<\/p>\n<p>&nbsp;<\/p>\n<p><strong><u>Ce produit contient <\/u><\/strong><\/p>\n<p>Amande grill\u00e9e enrob\u00e9e de chocolat noir et drag\u00e9ifi\u00e9e<\/p>\n<p>Ingr\u00e9dients : sucre, AMANDE grill\u00e9e 28%, chocolat noir 28% (cacao 54% min.) (masse et beurre de cacao, sucre, \u00e9mulsifiant : l\u00e9cithine de SOJA), amidon de riz, stabilisant : gomme d&#8217;acacia, ar\u00f4me naturel de vanille. Peut contenir d&#8217;autres fruits \u00e0 coque, gluten, oeuf, arachides, lait<\/p>\n","protected":false},"excerpt":{"rendered":"<p>Une amande grill\u00e9e enrob\u00e9e de chocolat noir sous une fine couche de sucre. La seule drag\u00e9e qui allie amande et chocolat, un d\u00e9lice !<\/p>\n","protected":false},"featured_media":29330,"comment_status":"open","ping_status":"closed","template":"","meta":[],"product_cat":[30,45,46],"product_tag":[],"_links":{"self":[{"href":"https:\/\/confiserie-adam.fr\/boutique\/wp-json\/wp\/v2\/product\/373"}],"collection":[{"href":"https:\/\/confiserie-adam.fr\/boutique\/wp-json\/wp\/v2\/product"}],"about":[{"href":"https:\/\/confiserie-adam.fr\/boutique\/wp-json\/wp\/v2\/types\/product"}],"replies":[{"embeddable":true,"href":"https:\/\/confiserie-adam.fr\/boutique\/wp-json\/wp\/v2\/comments?post=373"}],"wp:featuredmedia":[{"embeddable":true,"href":"https:\/\/confiserie-adam.fr\/boutique\/wp-json\/wp\/v2\/media\/29330"}],"wp:attachment":[{"href":"https:\/\/confiserie-adam.fr\/boutique\/wp-json\/wp\/v2\/media?parent=373"}],"wp:term":[{"taxonomy":"product_cat","embeddable":true,"href":"https:\/\/confiserie-adam.fr\/boutique\/wp-json\/wp\/v2\/product_cat?post=373"},{"taxonomy":"product_tag","embeddable":true,"href":"https:\/\/confiserie-adam.fr\/boutique\/wp-json\/wp\/v2\/product_tag?post=373"}],"curies":[{"name":"wp","href":"https:\/\/api.w.org\/{rel}","templated":true}]}}