{"id":35748,"date":"2024-03-07T17:08:55","date_gmt":"2024-03-07T16:08:55","guid":{"rendered":"https:\/\/confiserie-adam.fr\/boutique\/produit\/chocobretz\/"},"modified":"2026-04-27T12:27:31","modified_gmt":"2026-04-27T10:27:31","slug":"chocobretz","status":"publish","type":"product","link":"https:\/\/confiserie-adam.fr\/boutique\/produit\/chocobretz\/","title":{"rendered":"Choco&#8217;Bretz"},"content":{"rendered":"<p>Peluche bretzel &amp; petites tablettes chocolat au lait en forme de bretzel.<\/p>\n<p>&nbsp;<\/p>\n<p><strong>Confiserie Adam<\/strong><\/p>\n<p>Entreprise familiale qui a \u00e0 c\u0153ur ses clients. Vous offrir \u00e0 la fois le go\u00fbt, le plaisir gustatif et la qualit\u00e9.<\/p>\n<ul>\n<li>Fabrication fran\u00e7aise depuis 1912<\/li>\n<li>Entreprise du Patrimoine Vivant<\/li>\n<li>Ingr\u00e9dients de qualit\u00e9<\/li>\n<\/ul>\n<p>&nbsp;<\/p>\n<p><strong>Conseils de conservation<\/strong><\/p>\n<p>\u00c0 conserver \u00e0 l\u2019abri de la lumi\u00e8re et de l\u2019humidit\u00e9, dans un endroit frais et sec.<\/p>\n<p>&nbsp;<\/p>\n<p><strong><u>Ce produit contient<\/u><\/strong><\/p>\n<p><strong>Moulage en chocolat au lait &#8211; Chocolat au LAIT : cacao 30% min.<\/strong><\/p>\n<p>Ingr\u00e9dients : sucre, LAIT entier en poudre, beurre de cacao, masse de cacao, lactos\u00e9rum en poudre (LAIT), \u00e9mulsifiants : l\u00e9cithine (SOJA), E476, ar\u00f4me naturel de vanille.<\/p>\n","protected":false},"excerpt":{"rendered":"<p>Peluche bretzel &amp; petites tablettes chocolat au lait en forme de bretzel.<\/p>\n","protected":false},"featured_media":35799,"comment_status":"open","ping_status":"closed","template":"","meta":[],"product_cat":[645,647,651,637,640,589,592,593,595,48,658,656,27,34],"product_tag":[],"_links":{"self":[{"href":"https:\/\/confiserie-adam.fr\/boutique\/wp-json\/wp\/v2\/product\/35748"}],"collection":[{"href":"https:\/\/confiserie-adam.fr\/boutique\/wp-json\/wp\/v2\/product"}],"about":[{"href":"https:\/\/confiserie-adam.fr\/boutique\/wp-json\/wp\/v2\/types\/product"}],"replies":[{"embeddable":true,"href":"https:\/\/confiserie-adam.fr\/boutique\/wp-json\/wp\/v2\/comments?post=35748"}],"wp:featuredmedia":[{"embeddable":true,"href":"https:\/\/confiserie-adam.fr\/boutique\/wp-json\/wp\/v2\/media\/35799"}],"wp:attachment":[{"href":"https:\/\/confiserie-adam.fr\/boutique\/wp-json\/wp\/v2\/media?parent=35748"}],"wp:term":[{"taxonomy":"product_cat","embeddable":true,"href":"https:\/\/confiserie-adam.fr\/boutique\/wp-json\/wp\/v2\/product_cat?post=35748"},{"taxonomy":"product_tag","embeddable":true,"href":"https:\/\/confiserie-adam.fr\/boutique\/wp-json\/wp\/v2\/product_tag?post=35748"}],"curies":[{"name":"wp","href":"https:\/\/api.w.org\/{rel}","templated":true}]}}

<p>Peluche bretzel &amp; petites tablettes chocolat au lait en forme de bretzel.</p>
<p>&nbsp;</p>
<p><strong>Confiserie Adam</strong></p>
<p>Entreprise familiale qui a à cœur ses clients. Vous offrir à la fois le goût, le plaisir gustatif et la qualité.</p>
<ul>
<li>Fabrication française depuis 1912</li>
<li>Entreprise du Patrimoine Vivant</li>
<li>Ingrédients de qualité</li>
</ul>
<p>&nbsp;</p>
<p><strong>Conseils de conservation</strong></p>
<p>À conserver à l’abri de la lumière et de l’humidité, dans un endroit frais et sec.</p>
<p>&nbsp;</p>
<p><strong><u>Ce produit contient</u></strong></p>
<p><strong>Moulage en chocolat au lait &#8211; Chocolat au LAIT : cacao 30% min.</strong></p>
<p>Ingrédients : sucre, LAIT entier en poudre, beurre de cacao, masse de cacao, lactosérum en poudre (LAIT), émulsifiants : lécithine (SOJA), E476, arôme naturel de vanille.</p>
