{"id":33886,"date":"2024-01-03T16:10:55","date_gmt":"2024-01-03T15:10:55","guid":{"rendered":"https:\/\/confiserie-adam.fr\/boutique\/produit\/sachet-surprise-chocolat-oeufs-praline\/"},"modified":"2026-04-23T08:56:57","modified_gmt":"2026-04-23T06:56:57","slug":"sachet-surprise-chocolat-confiserie","status":"publish","type":"product","link":"https:\/\/confiserie-adam.fr\/boutique\/produit\/sachet-surprise-chocolat-confiserie\/","title":{"rendered":"Sachet surprise &#8211; Chocolat &amp; confiserie"},"content":{"rendered":"<p>Sachet surprise contient<\/p>\n<ul>\n<li>1 moulage chocolat au lait<\/li>\n<li>2 \u0153ufs creux chocolat au lait<\/li>\n<li>1 sachet de soufflages<\/li>\n<\/ul>\n<p>&nbsp;<\/p>\n<p><strong>Confiserie Adam<\/strong><\/p>\n<p>Entreprise familiale qui a \u00e0 c\u0153ur ses clients. Vous offrir \u00e0 la fois le go\u00fbt, le plaisir gustatif et la qualit\u00e9.<\/p>\n<ul>\n<li>Fabrication fran\u00e7aise depuis 1912<\/li>\n<li>Entreprise du Patrimoine Vivant<\/li>\n<li>Ingr\u00e9dients de qualit\u00e9<\/li>\n<\/ul>\n<p>&nbsp;<\/p>\n<p><strong>Conseils de conservation<\/strong><\/p>\n<p>\u00c0 conserver \u00e0 l\u2019abri de la lumi\u00e8re et de l\u2019humidit\u00e9, dans un endroit frais et sec.<\/p>\n<p>&nbsp;<\/p>\n<p><strong><u>Ce produit contient<\/u><\/strong><\/p>\n<p><strong>Moulage chocolat au lait d\u00e9cor\u00e9 :<\/strong> Ingr\u00e9dients : sucre, LAIT entier en poudre, beurre de cacao, masse de cacao (origine non-UE), lactos\u00e9rum en poudre (LAIT), \u00e9mulsifiants (l\u00e9cithine de SOJA, E476), ar\u00f4me naturel de vanille. Chocolat au lait : cacao 30% minimum.<\/p>\n<p><strong>\u0152uf creux<\/strong> : chocolat au lait (cacao 31% min.) &#8211; Ingr\u00e9dients : sucre, beurre de cacao, LAIT entier en poudre, masse de cacao, \u00e9mulsifiant : l\u00e9cithine de SOJA, ar\u00f4me.<\/p>\n<p><strong>Meringues fantaisie aromatis\u00e9es\u00a0:<\/strong> Ingr\u00e9dients : sucre (origine UE), sirop de glucose, g\u00e9lifiant : g\u00e9latine, acidifiant : acide citrique, ar\u00f4mes, concentr\u00e9 de carthame, colorants : complexes cuivriques de chlorophyllines, rouge de betterave.<\/p>\n","protected":false},"excerpt":{"rendered":"<p>Sachet garni : 1 moulage + 2 \u0153ufs creux + 1 sachet de soufflages<\/p>\n","protected":false},"featured_media":44768,"comment_status":"open","ping_status":"closed","template":"","meta":[],"product_cat":[48,654,658],"product_tag":[],"_links":{"self":[{"href":"https:\/\/confiserie-adam.fr\/boutique\/wp-json\/wp\/v2\/product\/33886"}],"collection":[{"href":"https:\/\/confiserie-adam.fr\/boutique\/wp-json\/wp\/v2\/product"}],"about":[{"href":"https:\/\/confiserie-adam.fr\/boutique\/wp-json\/wp\/v2\/types\/product"}],"replies":[{"embeddable":true,"href":"https:\/\/confiserie-adam.fr\/boutique\/wp-json\/wp\/v2\/comments?post=33886"}],"wp:featuredmedia":[{"embeddable":true,"href":"https:\/\/confiserie-adam.fr\/boutique\/wp-json\/wp\/v2\/media\/44768"}],"wp:attachment":[{"href":"https:\/\/confiserie-adam.fr\/boutique\/wp-json\/wp\/v2\/media?parent=33886"}],"wp:term":[{"taxonomy":"product_cat","embeddable":true,"href":"https:\/\/confiserie-adam.fr\/boutique\/wp-json\/wp\/v2\/product_cat?post=33886"},{"taxonomy":"product_tag","embeddable":true,"href":"https:\/\/confiserie-adam.fr\/boutique\/wp-json\/wp\/v2\/product_tag?post=33886"}],"curies":[{"name":"wp","href":"https:\/\/api.w.org\/{rel}","templated":true}]}}