{"id":33643,"date":"2023-12-14T09:43:12","date_gmt":"2023-12-14T08:43:12","guid":{"rendered":"https:\/\/confiserie-adam.fr\/boutique\/produit\/kit-sapin-chocolat-au-lait\/"},"modified":"2026-04-14T18:06:48","modified_gmt":"2026-04-14T16:06:48","slug":"kit-sapin-chocolat-au-lait","status":"publish","type":"product","link":"https:\/\/confiserie-adam.fr\/boutique\/produit\/kit-sapin-chocolat-au-lait\/","title":{"rendered":"Kit sapin \u2013 Chocolat au lait"},"content":{"rendered":"<p>Kit tablette sapin qui comprend<\/p>\n<ul>\n<li>Une tablette sapin chocolat au lait<\/li>\n<li>Mini confettis rouge et vert<\/li>\n<li>Palets de chocolat blanc \u00e0 faire fondre<\/li>\n<li>Une pipette<\/li>\n<li>Une note explicative<\/li>\n<\/ul>\n<p>&nbsp;<\/p>\n<p><strong>Confiserie Adam<\/strong><\/p>\n<p>Entreprise familiale qui a \u00e0 c\u0153ur ses clients. Vous offrir \u00e0 la fois le go\u00fbt, le plaisir gustatif et la qualit\u00e9.<\/p>\n<ul>\n<li>Fabrication fran\u00e7aise depuis 1912<\/li>\n<li>Entreprise du Patrimoine Vivant<\/li>\n<li>Ingr\u00e9dients de qualit\u00e9<\/li>\n<\/ul>\n<p>&nbsp;<\/p>\n<p><strong>Conseils de conservation<\/strong><\/p>\n<p>\u00c0 conserver \u00e0 l\u2019abri de la lumi\u00e8re et de l\u2019humidit\u00e9, dans un endroit frais et sec.<\/p>\n<p>&nbsp;<\/p>\n<p><strong><u>Ce produit contient<\/u><\/strong><\/p>\n<p>Moulage Chocolat LAIT (cacao 30% min).<\/p>\n<p>Ingr\u00e9dients: sucre, LAIT entier en poudre, beurre de cacao, masse de cacao, lactos\u00e9rum en poudre (LAIT), \u00e9mulsifiants (l\u00e9cithine (SOJA), E476), ar\u00f4me.<\/p>\n<p>Inclusions p\u00e9pites de chocolat LAIT drag\u00e9ifi\u00e9es.<\/p>\n<p>Ingr\u00e9dients: sucre, chocolat LAIT \u00a0(cacao 30% min.) 44% (sucre, beurre de cacao, poudre de LAIT entier, masse de cacao, \u00e9mulsifiant: l\u00e9cithine (SOJA), ar\u00f4me), sucre, amidon de riz, stabilisant: E414, sucre glace (sucre, f\u00e9cule de pomme de terre), ar\u00f4me, agent d&#8217;enrobage (E901, E903, E904), colorants (E100 E120 E133).<\/p>\n<p>Chocolat blanc (cacao 29% min).<\/p>\n<p>Ingr\u00e9dients: sucre, beurre de cacao, LAIT entier en poudre, \u00e9mulsifiant: l\u00e9cithine (SOJA), ar\u00f4me.<\/p>\n","protected":false},"excerpt":{"rendered":"<p>Kit complet pour r\u00e9aliser son propre d\u00e9cor sur une tablette sapin chocolat au lait.<\/p>\n","protected":false},"featured_media":33644,"comment_status":"open","ping_status":"closed","template":"","meta":[],"product_cat":[589,592],"product_tag":[],"_links":{"self":[{"href":"https:\/\/confiserie-adam.fr\/boutique\/wp-json\/wp\/v2\/product\/33643"}],"collection":[{"href":"https:\/\/confiserie-adam.fr\/boutique\/wp-json\/wp\/v2\/product"}],"about":[{"href":"https:\/\/confiserie-adam.fr\/boutique\/wp-json\/wp\/v2\/types\/product"}],"replies":[{"embeddable":true,"href":"https:\/\/confiserie-adam.fr\/boutique\/wp-json\/wp\/v2\/comments?post=33643"}],"wp:featuredmedia":[{"embeddable":true,"href":"https:\/\/confiserie-adam.fr\/boutique\/wp-json\/wp\/v2\/media\/33644"}],"wp:attachment":[{"href":"https:\/\/confiserie-adam.fr\/boutique\/wp-json\/wp\/v2\/media?parent=33643"}],"wp:term":[{"taxonomy":"product_cat","embeddable":true,"href":"https:\/\/confiserie-adam.fr\/boutique\/wp-json\/wp\/v2\/product_cat?post=33643"},{"taxonomy":"product_tag","embeddable":true,"href":"https:\/\/confiserie-adam.fr\/boutique\/wp-json\/wp\/v2\/product_tag?post=33643"}],"curies":[{"name":"wp","href":"https:\/\/api.w.org\/{rel}","templated":true}]}}