{"id":31664,"date":"2023-10-11T15:23:30","date_gmt":"2023-10-11T13:23:30","guid":{"rendered":"https:\/\/confiserie-adam.fr\/boutique\/produit\/mug-halloween-confiserie-guimauve\/"},"modified":"2026-03-28T08:25:43","modified_gmt":"2026-03-28T07:25:43","slug":"mug-halloween-confiserie-guimauve","status":"publish","type":"product","link":"https:\/\/confiserie-adam.fr\/boutique\/produit\/mug-halloween-confiserie-guimauve\/","title":{"rendered":"Mug Halloween &#8211; Confiserie Guimauve"},"content":{"rendered":"<p>Mug d\u00e9cor Halloween (hauteur 10cm) avec un sachet de guimauves enrob\u00e9es de chocolat drag\u00e9ifi\u00e9es coloris capucine<\/p>\n<p>&nbsp;<\/p>\n<p><strong>Confiserie Adam<\/strong><\/p>\n<p>Entreprise familiale qui a \u00e0 c\u0153ur ses clients. Vous offrir \u00e0 la fois le go\u00fbt, le plaisir gustatif et la qualit\u00e9.<\/p>\n<ul>\n<li>Fabrication fran\u00e7aise depuis 1912<\/li>\n<li>Entreprise du Patrimoine Vivant<\/li>\n<li>Ingr\u00e9dients de qualit\u00e9<\/li>\n<\/ul>\n<p>&nbsp;<\/p>\n<p><strong>Conseils de conservation<\/strong><\/p>\n<p>\u00c0 conserver \u00e0 l\u2019abri de la lumi\u00e8re et de l\u2019humidit\u00e9, dans un endroit frais et sec.<\/p>\n<p>&nbsp;<\/p>\n<p><strong><u>Ce produit contient<\/u><\/strong><\/p>\n<p>Guimauve enrob\u00e9e de chocolat noir, drag\u00e9ifi\u00e9e<\/p>\n<p>Ingr\u00e9dients : sucre, guimauve 29% (sucre, sirop de glucose, g\u00e9lifiant : g\u00e9latine, agents d&#8217;enrobage (huile coco, huile de colza, cire de carnauba), chocolat noir 19% (cacao60% min.) (masse de cacao, sucre, beurre de cacao, \u00e9mulsifiant : l\u00e9cithine de SOJA), amison de riz, stabilisant : gomme d&#8217;acacia, sucre glace (sucre, f\u00e9cule de pomme de terre), ar\u00f4me naturel de vanille, agents d&#8217;enrobage (cire d&#8217;abeille blanche et jaune, cire de carnauba, shellac), colorant E160a (iii)<\/p>\n<p>Guimauve, chocolat fabriqu\u00e9s en UE<\/p>\n<p>F\u00e8ves de cacao origine non UE<\/p>\n<p>Sucre origine UE<\/p>\n<p>Peut contenir : fruits \u00e0 coque, gluten, arachide, oeuf, lait<\/p>\n<p>&nbsp;<\/p>\n","protected":false},"excerpt":{"rendered":"<p>Une tasse garnie de guimauve enrob\u00e9e chocolat drag\u00e9ifi\u00e9e.<\/p>\n","protected":false},"featured_media":31693,"comment_status":"open","ping_status":"closed","template":"","meta":[],"product_cat":[584],"product_tag":[],"_links":{"self":[{"href":"https:\/\/confiserie-adam.fr\/boutique\/wp-json\/wp\/v2\/product\/31664"}],"collection":[{"href":"https:\/\/confiserie-adam.fr\/boutique\/wp-json\/wp\/v2\/product"}],"about":[{"href":"https:\/\/confiserie-adam.fr\/boutique\/wp-json\/wp\/v2\/types\/product"}],"replies":[{"embeddable":true,"href":"https:\/\/confiserie-adam.fr\/boutique\/wp-json\/wp\/v2\/comments?post=31664"}],"wp:featuredmedia":[{"embeddable":true,"href":"https:\/\/confiserie-adam.fr\/boutique\/wp-json\/wp\/v2\/media\/31693"}],"wp:attachment":[{"href":"https:\/\/confiserie-adam.fr\/boutique\/wp-json\/wp\/v2\/media?parent=31664"}],"wp:term":[{"taxonomy":"product_cat","embeddable":true,"href":"https:\/\/confiserie-adam.fr\/boutique\/wp-json\/wp\/v2\/product_cat?post=31664"},{"taxonomy":"product_tag","embeddable":true,"href":"https:\/\/confiserie-adam.fr\/boutique\/wp-json\/wp\/v2\/product_tag?post=31664"}],"curies":[{"name":"wp","href":"https:\/\/api.w.org\/{rel}","templated":true}]}}