{"id":30769,"date":"2023-09-01T11:17:13","date_gmt":"2023-09-01T09:17:13","guid":{"rendered":"https:\/\/confiserie-adam.fr\/boutique\/produit\/bille-bretzel-chocolat-au-lait\/"},"modified":"2026-04-01T18:32:07","modified_gmt":"2026-04-01T16:32:07","slug":"bille-bretzel-chocolat-au-lait","status":"publish","type":"product","link":"https:\/\/confiserie-adam.fr\/boutique\/produit\/bille-bretzel-chocolat-au-lait\/","title":{"rendered":"Bille bretzel \u2013 Chocolat au lait"},"content":{"rendered":"<p>Bille de bretzel croustillante enrob\u00e9e de chocolat au lait.<\/p>\n<p>&nbsp;<\/p>\n<p><strong>Confiserie Adam<\/strong><\/p>\n<p>Entreprise familiale qui a \u00e0 c\u0153ur ses clients. Vous offrir \u00e0 la fois le go\u00fbt, le plaisir gustatif et la qualit\u00e9.<\/p>\n<ul>\n<li>Fabrication fran\u00e7aise depuis 1912<\/li>\n<li>Entreprise du Patrimoine Vivant<\/li>\n<li>Ingr\u00e9dients de qualit\u00e9<\/li>\n<\/ul>\n<p>&nbsp;<\/p>\n<p><strong>Conseils de conservation<\/strong><\/p>\n<p>\u00c0 conserver \u00e0 l\u2019abri de la lumi\u00e8re et de l\u2019humidit\u00e9, dans un endroit frais et sec.<\/p>\n<p>&nbsp;<\/p>\n<p><strong><u>Ce produit contient<\/u><\/strong><\/p>\n<p>Biscuit sal\u00e9 enrob\u00e9 de chocolat au lait.<\/p>\n<p>Ingr\u00e9dients : chocolat au lait 79% (cacao 30% minimum) (sucre, LAIT entier en poudre, beurre de cacao, masse de cacao, lactos\u00e9rum en poudre (LAIT), \u00e9mulsifiant : l\u00e9cithine de SOJA),ar\u00f4me naturel de vanille), biscuit sal\u00e9 19% (farine de BLE, huile de tournesol, extrait de malt d&#8217;ORGE, sel, levure, correcteur d&#8217;acidit\u00e9 hydroxyde de sodium), vernissage (sirop de glucose, sucre, agents d&#8217;enrobage : shellac, gomme d&#8217;acacia)<\/p>\n<p>Biscuit sal\u00e9 et chocolat fabriqu\u00e9s en EU. F\u00e8ves de cacao origine non UE.<\/p>\n<p>Peut contenir : fruits \u00e0 coque, \u0153uf, arachides.<\/p>\n","protected":false},"excerpt":{"rendered":"<p>Une bille de bretzel croustillante enrob\u00e9e de chocolat au lait.<\/p>\n","protected":false},"featured_media":30774,"comment_status":"open","ping_status":"closed","template":"","meta":[],"product_cat":[645,650,29,40],"product_tag":[],"_links":{"self":[{"href":"https:\/\/confiserie-adam.fr\/boutique\/wp-json\/wp\/v2\/product\/30769"}],"collection":[{"href":"https:\/\/confiserie-adam.fr\/boutique\/wp-json\/wp\/v2\/product"}],"about":[{"href":"https:\/\/confiserie-adam.fr\/boutique\/wp-json\/wp\/v2\/types\/product"}],"replies":[{"embeddable":true,"href":"https:\/\/confiserie-adam.fr\/boutique\/wp-json\/wp\/v2\/comments?post=30769"}],"wp:featuredmedia":[{"embeddable":true,"href":"https:\/\/confiserie-adam.fr\/boutique\/wp-json\/wp\/v2\/media\/30774"}],"wp:attachment":[{"href":"https:\/\/confiserie-adam.fr\/boutique\/wp-json\/wp\/v2\/media?parent=30769"}],"wp:term":[{"taxonomy":"product_cat","embeddable":true,"href":"https:\/\/confiserie-adam.fr\/boutique\/wp-json\/wp\/v2\/product_cat?post=30769"},{"taxonomy":"product_tag","embeddable":true,"href":"https:\/\/confiserie-adam.fr\/boutique\/wp-json\/wp\/v2\/product_tag?post=30769"}],"curies":[{"name":"wp","href":"https:\/\/api.w.org\/{rel}","templated":true}]}}