{"id":30768,"date":"2023-09-01T11:17:10","date_gmt":"2023-09-01T09:17:10","guid":{"rendered":"https:\/\/confiserie-adam.fr\/boutique\/produit\/raisin-macere-chartreuse-chocolat\/"},"modified":"2026-04-01T17:28:05","modified_gmt":"2026-04-01T15:28:05","slug":"raisin-macere-chartreuse-chocolat","status":"publish","type":"product","link":"https:\/\/confiserie-adam.fr\/boutique\/produit\/raisin-macere-chartreuse-chocolat\/","title":{"rendered":"Raisin mac\u00e9r\u00e9 Chartreuse chocolat"},"content":{"rendered":"<p>Raisin mac\u00e9r\u00e9 \u00e0 la liqueur Chartreuse<span>\u00ae<\/span> enrob\u00e9 de chocolat noir.<\/p>\n<p>&nbsp;<\/p>\n<p><strong>Confiserie Adam<\/strong><\/p>\n<p>Entreprise familiale qui a \u00e0 c\u0153ur ses clients. Vous offrir \u00e0 la fois le go\u00fbt, le plaisir gustatif et la qualit\u00e9.<\/p>\n<ul>\n<li>Fabrication fran\u00e7aise depuis 1912<\/li>\n<li>Entreprise du Patrimoine Vivant<\/li>\n<li>Ingr\u00e9dients de qualit\u00e9<\/li>\n<\/ul>\n<p>&nbsp;<\/p>\n<p><strong>Conseils de conservation<\/strong><\/p>\n<p>\u00c0 conserver \u00e0 l\u2019abri de la lumi\u00e8re et de l\u2019humidit\u00e9, dans un endroit frais et sec.<\/p>\n<p>&nbsp;<\/p>\n<p><strong><u>Ce produit contient<\/u><\/strong><\/p>\n<p>Raisin sec mac\u00e9r\u00e9 \u00e0 la liqueur Chartreuse<span>\u00ae<\/span> verte enrob\u00e9 de chocolat noir aromatis\u00e9.<\/p>\n<p>Ingr\u00e9dients : chocolat noir 73% (cacao 60% minimum) (masse de cacao, sucre, beurre de cacao, \u00e9mulsifiant : l\u00e9cithine de SOJA), raisins secs 16% (raisins, huile v\u00e9g\u00e9tale (graine de coton, tournesol ou colza)), sucre glace (sucre, amidon de pomme de terre), sucre, liqueur Chartreuse<span>\u00ae verte 1.6%, vernissage (sirop de glucose, sucre, agents d&#8217;enrobage : shellac, gomme d&#8217;acacia), ar\u00f4me naturel.<\/span><\/p>\n<p>Chocolat noir fabriqu\u00e9 en UE. F\u00e8ves de cacao et raisin sec origine non UE. Liqueur Chartreuse<span>\u00ae origine UE.<\/span><\/p>\n<p>Peut contenir : fruits \u00e0 coques, arachides, gluten, oeuf, lait.<\/p>\n","protected":false},"excerpt":{"rendered":"<p>Un raisin mac\u00e9r\u00e9 \u00e0 la liqueur Chartreuse<span>\u00ae enrob\u00e9 de chocolat noir.<\/span><\/p>\n","protected":false},"featured_media":30773,"comment_status":"open","ping_status":"closed","template":"","meta":[],"product_cat":[29,55],"product_tag":[],"_links":{"self":[{"href":"https:\/\/confiserie-adam.fr\/boutique\/wp-json\/wp\/v2\/product\/30768"}],"collection":[{"href":"https:\/\/confiserie-adam.fr\/boutique\/wp-json\/wp\/v2\/product"}],"about":[{"href":"https:\/\/confiserie-adam.fr\/boutique\/wp-json\/wp\/v2\/types\/product"}],"replies":[{"embeddable":true,"href":"https:\/\/confiserie-adam.fr\/boutique\/wp-json\/wp\/v2\/comments?post=30768"}],"wp:featuredmedia":[{"embeddable":true,"href":"https:\/\/confiserie-adam.fr\/boutique\/wp-json\/wp\/v2\/media\/30773"}],"wp:attachment":[{"href":"https:\/\/confiserie-adam.fr\/boutique\/wp-json\/wp\/v2\/media?parent=30768"}],"wp:term":[{"taxonomy":"product_cat","embeddable":true,"href":"https:\/\/confiserie-adam.fr\/boutique\/wp-json\/wp\/v2\/product_cat?post=30768"},{"taxonomy":"product_tag","embeddable":true,"href":"https:\/\/confiserie-adam.fr\/boutique\/wp-json\/wp\/v2\/product_tag?post=30768"}],"curies":[{"name":"wp","href":"https:\/\/api.w.org\/{rel}","templated":true}]}}