{"id":29436,"date":"2023-05-22T16:04:49","date_gmt":"2023-05-22T14:04:49","guid":{"rendered":"https:\/\/confiserie-adam.fr\/boutique\/produit\/dragee-mini-coeur-chocolat-noir-coloris-or\/"},"modified":"2026-04-17T09:58:17","modified_gmt":"2026-04-17T07:58:17","slug":"dragee-mini-coeur-chocolat-noir-coloris-or","status":"publish","type":"product","link":"https:\/\/confiserie-adam.fr\/boutique\/produit\/dragee-mini-coeur-chocolat-noir-coloris-or\/","title":{"rendered":"Drag\u00e9e mini c\u0153ur chocolat noir &#8211; Coloris Or"},"content":{"rendered":"<p>Drag\u00e9e mini c\u0153ur chocolat noir &#8211; Coloris or<\/p>\n<p>&nbsp;<\/p>\n<p><strong>Confiserie Adam<\/strong><\/p>\n<p>Entreprise familiale qui a \u00e0 c\u0153ur ses clients. Vous offrir \u00e0 la fois le go\u00fbt, le plaisir gustatif et la qualit\u00e9.<\/p>\n<ul>\n<li>Fabrication fran\u00e7aise depuis 1912<\/li>\n<li>Entreprise du Patrimoine Vivant<\/li>\n<li>Ingr\u00e9dients de qualit\u00e9<\/li>\n<\/ul>\n<p>&nbsp;<\/p>\n<p><strong>Conseils de conservation<\/strong><\/p>\n<p>\u00c0 conserver \u00e0 l\u2019abri de la lumi\u00e8re et de l\u2019humidit\u00e9, dans un endroit frais et sec.<\/p>\n<p>&nbsp;<\/p>\n<p><strong><u>Ce produit contient<\/u><\/strong><\/p>\n<p>Drag\u00e9es au chocolat<\/p>\n<p>Ingr\u00e9dients : sucre, chocolat noir 29% (cacao 48% minimum) (sucre, masse de cacao, beurre de cacao, \u00e9mulsifiant : l\u00e9cithine de SOJA, ar\u00f4me naturel de vanille), amidon de riz et de ma\u00efs, g\u00e9lifiants : maltodextrine, gomme d&#8217;acacia, ar\u00f4me naturel de vanille, agent d&#8217;enrobage : cire de carnauba, colorants (E104, E122, E160c, E174)<\/p>\n<p>E104, E122 : peut avoir des effets ind\u00e9sirables sur l&#8217;activit\u00e9 et l&#8217;attention chez les enfants.<\/p>\n<p>Chocolat fabriqu\u00e9 en UE. F\u00e8ves de cacao origine non UE. Sucre origine UE.<\/p>\n<p>Peut contenir : gluten, \u0153uf, arachides, fruits \u00e0 coque, lait.<\/p>\n","protected":false},"excerpt":{"rendered":"<p>Une drag\u00e9e en forme de mini c\u0153ur au chocolat noir.<\/p>\n","protected":false},"featured_media":29516,"comment_status":"open","ping_status":"closed","template":"","meta":[],"product_cat":[30,46],"product_tag":[],"_links":{"self":[{"href":"https:\/\/confiserie-adam.fr\/boutique\/wp-json\/wp\/v2\/product\/29436"}],"collection":[{"href":"https:\/\/confiserie-adam.fr\/boutique\/wp-json\/wp\/v2\/product"}],"about":[{"href":"https:\/\/confiserie-adam.fr\/boutique\/wp-json\/wp\/v2\/types\/product"}],"replies":[{"embeddable":true,"href":"https:\/\/confiserie-adam.fr\/boutique\/wp-json\/wp\/v2\/comments?post=29436"}],"wp:featuredmedia":[{"embeddable":true,"href":"https:\/\/confiserie-adam.fr\/boutique\/wp-json\/wp\/v2\/media\/29516"}],"wp:attachment":[{"href":"https:\/\/confiserie-adam.fr\/boutique\/wp-json\/wp\/v2\/media?parent=29436"}],"wp:term":[{"taxonomy":"product_cat","embeddable":true,"href":"https:\/\/confiserie-adam.fr\/boutique\/wp-json\/wp\/v2\/product_cat?post=29436"},{"taxonomy":"product_tag","embeddable":true,"href":"https:\/\/confiserie-adam.fr\/boutique\/wp-json\/wp\/v2\/product_tag?post=29436"}],"curies":[{"name":"wp","href":"https:\/\/api.w.org\/{rel}","templated":true}]}}