{"id":29064,"date":"2023-05-02T09:32:24","date_gmt":"2023-05-02T07:32:24","guid":{"rendered":"https:\/\/confiserie-adam.fr\/boutique\/produit\/bonbons-dantan-berlingots\/"},"modified":"2026-04-17T16:44:27","modified_gmt":"2026-04-17T14:44:27","slug":"bonbons-dantan-berlingot","status":"publish","type":"product","link":"https:\/\/confiserie-adam.fr\/boutique\/produit\/bonbons-dantan-berlingot\/","title":{"rendered":"Bonbons d&#8217;antan &#8211; berlingot"},"content":{"rendered":"<p>Bonbons traditionnels de sucre cuit &#8211; Berlingots orange, citron, framboise, mirabelle, fraise, abricot et cassis.<\/p>\n<p>&nbsp;<\/p>\n<p><strong>Confiserie Adam<\/strong><\/p>\n<p>Entreprise familiale qui a \u00e0 c\u0153ur ses clients. Vous offrir \u00e0 la fois le go\u00fbt, le plaisir gustatif et la qualit\u00e9.<\/p>\n<ul>\n<li>Fabrication fran\u00e7aise depuis 1912<\/li>\n<li>Entreprise du Patrimoine Vivant<\/li>\n<li>Ingr\u00e9dients de qualit\u00e9<\/li>\n<\/ul>\n<p>&nbsp;<\/p>\n<p><strong>Conseils de conservation<\/strong><\/p>\n<p>\u00c0 conserver \u00e0 l\u2019abri de la lumi\u00e8re et de l\u2019humidit\u00e9, dans un endroit frais et sec.<\/p>\n<p>&nbsp;<\/p>\n<p><strong><u>Ce produit contient<\/u><\/strong><\/p>\n<p>Bonbon de sucre cuit aromatis\u00e9 orange, citron, framboise, mirabelle, fraise, abricot et cassis<\/p>\n<p>Ingr\u00e9dients : sucre (betteraves origine UE), sirop de glucose, acidifiant : acide citrique, huiles essentielles d&#8217;orange et de citron, ar\u00f4mes naturels, concentr\u00e9s (carotte, hibiscus, radis, citron, cassis, spiruline, pomme), colorants (curcumine, extrait de paprika), agent d&#8217;enrobage : cire de carnauba.<\/p>\n<p>Peut contenir : fruits \u00e0 coque, lait, soja, arachides, gluten, oeuf, s\u00e9same<\/p>\n","protected":false},"excerpt":{"rendered":"<p>Orange, citron, framboise, mirabelle, fraise, abricot &amp; cassis.<\/p>\n","protected":false},"featured_media":29067,"comment_status":"open","ping_status":"closed","template":"","meta":[],"product_cat":[15,31],"product_tag":[],"_links":{"self":[{"href":"https:\/\/confiserie-adam.fr\/boutique\/wp-json\/wp\/v2\/product\/29064"}],"collection":[{"href":"https:\/\/confiserie-adam.fr\/boutique\/wp-json\/wp\/v2\/product"}],"about":[{"href":"https:\/\/confiserie-adam.fr\/boutique\/wp-json\/wp\/v2\/types\/product"}],"replies":[{"embeddable":true,"href":"https:\/\/confiserie-adam.fr\/boutique\/wp-json\/wp\/v2\/comments?post=29064"}],"wp:featuredmedia":[{"embeddable":true,"href":"https:\/\/confiserie-adam.fr\/boutique\/wp-json\/wp\/v2\/media\/29067"}],"wp:attachment":[{"href":"https:\/\/confiserie-adam.fr\/boutique\/wp-json\/wp\/v2\/media?parent=29064"}],"wp:term":[{"taxonomy":"product_cat","embeddable":true,"href":"https:\/\/confiserie-adam.fr\/boutique\/wp-json\/wp\/v2\/product_cat?post=29064"},{"taxonomy":"product_tag","embeddable":true,"href":"https:\/\/confiserie-adam.fr\/boutique\/wp-json\/wp\/v2\/product_tag?post=29064"}],"curies":[{"name":"wp","href":"https:\/\/api.w.org\/{rel}","templated":true}]}}