{"id":21966,"date":"2022-06-17T10:08:51","date_gmt":"2022-06-17T08:08:51","guid":{"rendered":"https:\/\/confiserie-adam.fr\/boutique\/produit\/pralissimo-coloris-rouge\/"},"modified":"2026-04-15T17:24:51","modified_gmt":"2026-04-15T15:24:51","slug":"dragee-aux-amandes-grillees-et-praline-pralissimo-coloris-rouge","status":"publish","type":"product","link":"https:\/\/confiserie-adam.fr\/boutique\/produit\/dragee-aux-amandes-grillees-et-praline-pralissimo-coloris-rouge\/","title":{"rendered":"Drag\u00e9e aux amandes grill\u00e9es et pralin\u00e9 &#8211; Pralissimo &#8211; Coloris Rouge"},"content":{"rendered":"<p>Amande enrob\u00e9e de chocolat noir et de pralin\u00e9 sous une fine couche de sucre &#8211; Coloris Rouge.<\/p>\n<p><em>Environ 55 pi\u00e8ces par sachet (donn\u00e9es \u00e0 titre indicatif \u00e0 plus ou moins 15 pi\u00e8ces).<\/em><\/p>\n<p>&nbsp;<\/p>\n<p><strong>Ingr\u00e9dients principaux :<\/strong><\/p>\n<ul>\n<li>Amande de qualit\u00e9 sup\u00e9rieure<\/li>\n<li>Pralin\u00e9 et chocolat noir fondant<\/li>\n<\/ul>\n<p>&nbsp;<\/p>\n<p><strong>Confiserie Adam<\/strong><\/p>\n<p>Entreprise familiale qui a \u00e0 c\u0153ur ses clients. Vous offrir \u00e0 la fois le go\u00fbt, le plaisir gustatif et la qualit\u00e9.<\/p>\n<ul>\n<li>Fabrication fran\u00e7aise depuis 1912<\/li>\n<li>Entreprise du Patrimoine Vivant<\/li>\n<li>Ingr\u00e9dients de qualit\u00e9<\/li>\n<\/ul>\n<p>&nbsp;<\/p>\n<p><strong>Conseils de conservation<\/strong><\/p>\n<p>A conserver \u00e0 l\u2019abri de la lumi\u00e8re et de l\u2019humidit\u00e9, dans un endroit frais et sec.<\/p>\n<p>&nbsp;<\/p>\n<p><strong><u>Ce produit contient <\/u><\/strong><\/p>\n<p>Amande grill\u00e9e enrob\u00e9e de chocolat noir et de p\u00e2te de pralin\u00e9 et drag\u00e9ifi\u00e9e<\/p>\n<p>Ingr\u00e9dients : sucre, chocolat NOIR (26%) (cacao min 54%) (p\u00e2te et beure de cacao &#8211; sucre * \u00e9mulsifiant : l\u00e9cithine de SOJA) &#8211; pralin\u00e9 (24%) (NOISETTE &#8211; sucre &#8211; \u00e9mulsifiant : l\u00e9cithine de SOJA) &#8211; AMANDE grill\u00e9e 17% &#8211; ar\u00f4me vanille &#8211; colorants E122 E124 E129 E153 &#8211; agents d&#8217;enrobage : E901 E903<\/p>\n<p>E122 E124 E129 peut avoir des effets ind\u00e9sirables sur l&#8217;activit\u00e9 et l&#8217;attention chez les enfants<\/p>\n","protected":false},"excerpt":{"rendered":"<p><span>Une amande grill\u00e9e enrob\u00e9e de chocolat noir et pralin\u00e9. Une d\u00e9licieuse gourmandise croquante et fondante en coloris rouge.<\/span><\/p>\n","protected":false},"featured_media":21968,"comment_status":"open","ping_status":"closed","template":"","meta":[],"product_cat":[30,47],"product_tag":[],"_links":{"self":[{"href":"https:\/\/confiserie-adam.fr\/boutique\/wp-json\/wp\/v2\/product\/21966"}],"collection":[{"href":"https:\/\/confiserie-adam.fr\/boutique\/wp-json\/wp\/v2\/product"}],"about":[{"href":"https:\/\/confiserie-adam.fr\/boutique\/wp-json\/wp\/v2\/types\/product"}],"replies":[{"embeddable":true,"href":"https:\/\/confiserie-adam.fr\/boutique\/wp-json\/wp\/v2\/comments?post=21966"}],"wp:featuredmedia":[{"embeddable":true,"href":"https:\/\/confiserie-adam.fr\/boutique\/wp-json\/wp\/v2\/media\/21968"}],"wp:attachment":[{"href":"https:\/\/confiserie-adam.fr\/boutique\/wp-json\/wp\/v2\/media?parent=21966"}],"wp:term":[{"taxonomy":"product_cat","embeddable":true,"href":"https:\/\/confiserie-adam.fr\/boutique\/wp-json\/wp\/v2\/product_cat?post=21966"},{"taxonomy":"product_tag","embeddable":true,"href":"https:\/\/confiserie-adam.fr\/boutique\/wp-json\/wp\/v2\/product_tag?post=21966"}],"curies":[{"name":"wp","href":"https:\/\/api.w.org\/{rel}","templated":true}]}}