{"id":17760,"date":"2022-03-03T15:16:23","date_gmt":"2022-03-03T14:16:23","guid":{"rendered":"https:\/\/confiserie-adam.fr\/boutique\/produit\/oscar-inclusions-noisettes\/"},"modified":"2026-04-23T18:49:20","modified_gmt":"2026-04-23T16:49:20","slug":"oscar-inclusions-noisettes","status":"publish","type":"product","link":"https:\/\/confiserie-adam.fr\/boutique\/produit\/oscar-inclusions-noisettes\/","title":{"rendered":"Oscar \u2013 Inclusions noisettes"},"content":{"rendered":"<p>Moulage chocolat au lait inclusions noisettes \u2013 Oscar le lapin\u00a0 \u2013 Hauteur 16cm<\/p>\n<p>Sans colorants &amp; 100% pur beurre de cacao.<\/p>\n<p>&nbsp;<\/p>\n<p><strong>Ingr\u00e9dient principal :<\/strong><\/p>\n<ul>\n<li>Chocolat au lait<\/li>\n<\/ul>\n<p>&nbsp;<\/p>\n<p><strong>Confiserie Adam<\/strong><\/p>\n<p>Entreprise familiale qui a \u00e0 c\u0153ur ses clients. Vous offrir \u00e0 la fois le go\u00fbt, le plaisir gustatif et la qualit\u00e9.<\/p>\n<ul>\n<li>Fabrication fran\u00e7aise depuis 1912<\/li>\n<li>Entreprise du Patrimoine Vivant<\/li>\n<li>Ingr\u00e9dients de qualit\u00e9<\/li>\n<\/ul>\n<p>&nbsp;<\/p>\n<p><strong>Conseils de conservation<\/strong><\/p>\n<p>A conserver \u00e0 l\u2019abri de la lumi\u00e8re et de l\u2019humidit\u00e9, dans un endroit frais et sec.<\/p>\n<p>&nbsp;<\/p>\n<p><strong><u>Ce produit contient<\/u><\/strong><\/p>\n<p>Moulage chocolat au lait inclusions d\u2019\u00e9clats de noisette grill\u00e9e<\/p>\n<p>Ingr\u00e9dients: chocolat au LAIT 92,3% (cacao 30% min) (sucre, LAIT entier en poudre, beurre de cacao, masse de cacao, lactos\u00e9rum en poudre (LAIT), \u00e9mulsifiant: l\u00e9cithine de SOJA, E476, ar\u00f4me naturel de vanille), \u00e9clats de noisette grill\u00e9e 7,7%.<\/p>\n","protected":false},"excerpt":{"rendered":"<p>Un lapin chocolat au lait qui croustille avec ses inclusions noisettes ! Sans colorants &amp; 100% pur beurre de cacao.<\/p>\n","protected":false},"featured_media":17805,"comment_status":"open","ping_status":"closed","template":"","meta":[],"product_cat":[48,654],"product_tag":[],"_links":{"self":[{"href":"https:\/\/confiserie-adam.fr\/boutique\/wp-json\/wp\/v2\/product\/17760"}],"collection":[{"href":"https:\/\/confiserie-adam.fr\/boutique\/wp-json\/wp\/v2\/product"}],"about":[{"href":"https:\/\/confiserie-adam.fr\/boutique\/wp-json\/wp\/v2\/types\/product"}],"replies":[{"embeddable":true,"href":"https:\/\/confiserie-adam.fr\/boutique\/wp-json\/wp\/v2\/comments?post=17760"}],"wp:featuredmedia":[{"embeddable":true,"href":"https:\/\/confiserie-adam.fr\/boutique\/wp-json\/wp\/v2\/media\/17805"}],"wp:attachment":[{"href":"https:\/\/confiserie-adam.fr\/boutique\/wp-json\/wp\/v2\/media?parent=17760"}],"wp:term":[{"taxonomy":"product_cat","embeddable":true,"href":"https:\/\/confiserie-adam.fr\/boutique\/wp-json\/wp\/v2\/product_cat?post=17760"},{"taxonomy":"product_tag","embeddable":true,"href":"https:\/\/confiserie-adam.fr\/boutique\/wp-json\/wp\/v2\/product_tag?post=17760"}],"curies":[{"name":"wp","href":"https:\/\/api.w.org\/{rel}","templated":true}]}}