{"id":17748,"date":"2022-03-03T15:14:40","date_gmt":"2022-03-03T14:14:40","guid":{"rendered":"https:\/\/confiserie-adam.fr\/boutique\/produit\/oeufs-de-cigogne-praline-3\/"},"modified":"2026-04-13T10:12:30","modified_gmt":"2026-04-13T08:12:30","slug":"oeufs-de-cigogne-praline","status":"publish","type":"product","link":"https:\/\/confiserie-adam.fr\/boutique\/produit\/oeufs-de-cigogne-praline\/","title":{"rendered":"\u0152ufs de Cigogne pralin\u00e9"},"content":{"rendered":"<p>Oeufs de cigogne &#8211; Pralin\u00e9 enrob\u00e9 chocolat noir sous une fine couche de sucre &#8211; 180g<\/p>\n<p>&nbsp;<\/p>\n<p><strong>Ingr\u00e9dient principal :<\/strong><\/p>\n<ul>\n<li>Pralin\u00e9<\/li>\n<\/ul>\n<p>&nbsp;<\/p>\n<p><strong>Confiserie Adam<\/strong><\/p>\n<p>Entreprise familiale qui a \u00e0 c\u0153ur ses clients. Vous offrir \u00e0 la fois le go\u00fbt, le plaisir gustatif et la qualit\u00e9.<\/p>\n<ul>\n<li>Fabrication fran\u00e7aise depuis 1912<\/li>\n<li>Entreprise du Patrimoine Vivant<\/li>\n<li>Ingr\u00e9dients de qualit\u00e9<\/li>\n<\/ul>\n<p>&nbsp;<\/p>\n<p><strong>Conseils de conservation<\/strong><\/p>\n<p>A conserver \u00e0 l\u2019abri de la lumi\u00e8re et de l\u2019humidit\u00e9, dans un endroit frais et sec.<\/p>\n<p>&nbsp;<\/p>\n<p><strong><u>C<\/u><\/strong><strong><u>e produit contient<\/u><\/strong><\/p>\n<p>\u0152uf en chocolat au lait fourr\u00e9 pralin\u00e9 noisette, drag\u00e9ifi\u00e9<\/p>\n<p>Ingr\u00e9dients: \u0152uf chocolat au LAIT fourr\u00e9 pralin\u00e9 noisette 54% (sucre, pralin\u00e9 noisettes 12% (NOISETTES 6%, sucre), masse de cacao, poudre de LAIT entier, beurre de cacao, beurre p\u00e2tissier (LAIT), \u00e9mulsifiant : l\u00e9cithine de SOJA, ar\u00f4mes), sucre, chocolat au LAIT (cacao 30% min.) (sucre, LAIT entier en poudre, beurre de cacao, masse de cacao, lactos\u00e9rum en poudre (LAIT), \u00e9mulsifiant : l\u00e9cithine de SOJA, E476, ar\u00f4me naturel de vanille), amidon de riz, stabilisant : gomme d&#8217;acacia, sucre glace (sucre, f\u00e9cule de pomme de terre), agents d&#8217;enrobage : E901, E903, E904, ar\u00f4me naturel de vanille, colorants : E141(ii), E153.<\/p>\n","protected":false},"excerpt":{"rendered":"<p>Un fondant \u0153uf pralin\u00e9, irr\u00e9sistible.<\/p>\n","protected":false},"featured_media":54018,"comment_status":"open","ping_status":"closed","template":"","meta":[],"product_cat":[48,657,656,659],"product_tag":[],"_links":{"self":[{"href":"https:\/\/confiserie-adam.fr\/boutique\/wp-json\/wp\/v2\/product\/17748"}],"collection":[{"href":"https:\/\/confiserie-adam.fr\/boutique\/wp-json\/wp\/v2\/product"}],"about":[{"href":"https:\/\/confiserie-adam.fr\/boutique\/wp-json\/wp\/v2\/types\/product"}],"replies":[{"embeddable":true,"href":"https:\/\/confiserie-adam.fr\/boutique\/wp-json\/wp\/v2\/comments?post=17748"}],"wp:featuredmedia":[{"embeddable":true,"href":"https:\/\/confiserie-adam.fr\/boutique\/wp-json\/wp\/v2\/media\/54018"}],"wp:attachment":[{"href":"https:\/\/confiserie-adam.fr\/boutique\/wp-json\/wp\/v2\/media?parent=17748"}],"wp:term":[{"taxonomy":"product_cat","embeddable":true,"href":"https:\/\/confiserie-adam.fr\/boutique\/wp-json\/wp\/v2\/product_cat?post=17748"},{"taxonomy":"product_tag","embeddable":true,"href":"https:\/\/confiserie-adam.fr\/boutique\/wp-json\/wp\/v2\/product_tag?post=17748"}],"curies":[{"name":"wp","href":"https:\/\/api.w.org\/{rel}","templated":true}]}}