{"id":15040,"date":"2021-10-08T09:38:09","date_gmt":"2021-10-08T07:38:09","guid":{"rendered":"https:\/\/confiserie-adam.fr\/boutique\/produit\/dragee-guimauve-coloris-rouge\/"},"modified":"2026-04-14T18:02:33","modified_gmt":"2026-04-14T16:02:33","slug":"guimauve-drageifiee-coloris-rouge","status":"publish","type":"product","link":"https:\/\/confiserie-adam.fr\/boutique\/produit\/guimauve-drageifiee-coloris-rouge\/","title":{"rendered":"Guimauve drag\u00e9ifi\u00e9e- Coloris Rouge"},"content":{"rendered":"<p>Guimauve enrob\u00e9e de chocolat noir sous une fine couche de sucre \u2013 Coloris Rouge.<\/p>\n<p>&nbsp;<\/p>\n<p><em>Environ 75 pi\u00e8ces par sachet (donn\u00e9es \u00e0 titre indicatif \u00e0 plus ou moins 15 pi\u00e8ces).<\/em><\/p>\n<p>&nbsp;<\/p>\n<p><strong>Ingr\u00e9dients principaux :<\/strong><\/p>\n<ul>\n<li>Tendre guimauve<\/li>\n<li>Chocolat noir<\/li>\n<\/ul>\n<p>&nbsp;<\/p>\n<p><strong>Confiserie Adam<\/strong><\/p>\n<p>Entreprise familiale qui a \u00e0 c\u0153ur ses clients. Vous offrir \u00e0 la fois le go\u00fbt, le plaisir gustatif et la qualit\u00e9.<\/p>\n<ul>\n<li>Fabrication fran\u00e7aise depuis 1912<\/li>\n<li>Entreprise du Patrimoine Vivant<\/li>\n<li>Ingr\u00e9dients de qualit\u00e9<\/li>\n<\/ul>\n<p>&nbsp;<\/p>\n<p><strong>Conseils de conservation<\/strong><\/p>\n<p>A conserver \u00e0 l\u2019abri de la lumi\u00e8re et de l\u2019humidit\u00e9, dans un endroit frais et sec.<\/p>\n<p>&nbsp;<\/p>\n<p><strong><u>Ce produit contient<\/u><\/strong><\/p>\n<p><strong>Guimauve enrob\u00e9e de chocolat noir et drag\u00e9ifi\u00e9e \u2013 Coloris rouge <\/strong><\/p>\n<p>Ingr\u00e9dients\u00a0: sucre, guimauve 29% (sucre, sirop de glucose, g\u00e9lifiant\u00a0: g\u00e9latine, ar\u00f4me), chocolat noir 19% (cacao 73% min) (masse de cacao, sucre, \u00e9mulsifiant\u00a0: l\u00e9cithine de SOJA), amidon de riz, stabilisant\u00a0: gomme d\u2019acacia, sirop de glucose, colorants\u00a0: E110, E122, E124, E129, agents d\u2019enrobage\u00a0: E901, E903, E904, ar\u00f4me.<\/p>\n<p>Traces possibles de gluten, \u0153uf, arachides, fruits \u00e0 coque, lait.<\/p>\n<p>E110 E122 E124 E129 peut avoir des effets ind\u00e9sirables sur l\u2019activit\u00e9 et l\u2019attention des enfants.<\/p>\n","protected":false},"excerpt":{"rendered":"<p><span>Tendre guimauve enrob\u00e9e de chocolat noir sous une fine couche de sucre. La drag\u00e9e tout en douceur.<\/span><\/p>\n","protected":false},"featured_media":48843,"comment_status":"open","ping_status":"closed","template":"","meta":[],"product_cat":[645,650,652,30,47],"product_tag":[],"_links":{"self":[{"href":"https:\/\/confiserie-adam.fr\/boutique\/wp-json\/wp\/v2\/product\/15040"}],"collection":[{"href":"https:\/\/confiserie-adam.fr\/boutique\/wp-json\/wp\/v2\/product"}],"about":[{"href":"https:\/\/confiserie-adam.fr\/boutique\/wp-json\/wp\/v2\/types\/product"}],"replies":[{"embeddable":true,"href":"https:\/\/confiserie-adam.fr\/boutique\/wp-json\/wp\/v2\/comments?post=15040"}],"wp:featuredmedia":[{"embeddable":true,"href":"https:\/\/confiserie-adam.fr\/boutique\/wp-json\/wp\/v2\/media\/48843"}],"wp:attachment":[{"href":"https:\/\/confiserie-adam.fr\/boutique\/wp-json\/wp\/v2\/media?parent=15040"}],"wp:term":[{"taxonomy":"product_cat","embeddable":true,"href":"https:\/\/confiserie-adam.fr\/boutique\/wp-json\/wp\/v2\/product_cat?post=15040"},{"taxonomy":"product_tag","embeddable":true,"href":"https:\/\/confiserie-adam.fr\/boutique\/wp-json\/wp\/v2\/product_tag?post=15040"}],"curies":[{"name":"wp","href":"https:\/\/api.w.org\/{rel}","templated":true}]}}