{"id":15024,"date":"2021-10-08T09:36:28","date_gmt":"2021-10-08T07:36:28","guid":{"rendered":"https:\/\/confiserie-adam.fr\/boutique\/produit\/dragee-aux-amandes-avola-imperiale-sublime-coloris-blanc\/"},"modified":"2026-04-23T18:40:20","modified_gmt":"2026-04-23T16:40:20","slug":"dragee-aux-amandes-avola-imperiale-sublime-coloris-blanc","status":"publish","type":"product","link":"https:\/\/confiserie-adam.fr\/boutique\/produit\/dragee-aux-amandes-avola-imperiale-sublime-coloris-blanc\/","title":{"rendered":"Drag\u00e9e aux amandes Avola Imp\u00e9riale Sublime &#8211; Coloris Blanc"},"content":{"rendered":"<p>Amande sous une fine couche de sucre \u2013 Avola Imp\u00e9riale Sublime \u2013 Blanc.<\/p>\n<p>Une amande Avola enrob\u00e9e d&#8217;une tr\u00e8s fine couche de sucre ce qui permet une intense r\u00e9v\u00e9lation des ar\u00f4mes.<\/p>\n<p>&nbsp;<\/p>\n<p><em>Environ 72 pi\u00e8ces par sachet (donn\u00e9es \u00e0 titre indicatif \u00e0 plus ou moins 15 pi\u00e8ces).<\/em><\/p>\n<p>&nbsp;<\/p>\n<p><strong>Ingr\u00e9dients principaux :<\/strong><\/p>\n<ul>\n<li>Amande Avola imp\u00e9riale sublime<\/li>\n<li>Sucre<\/li>\n<\/ul>\n<p>&nbsp;<\/p>\n<p><strong>Confiserie Adam<\/strong><\/p>\n<p>Entreprise familiale qui a \u00e0 c\u0153ur ses clients. Vous offrir \u00e0 la fois le go\u00fbt, le plaisir gustatif et la qualit\u00e9.<\/p>\n<ul>\n<li>Fabrication fran\u00e7aise depuis 1912<\/li>\n<li>Entreprise du Patrimoine Vivant<\/li>\n<li>Ingr\u00e9dients de qualit\u00e9<\/li>\n<\/ul>\n<p>&nbsp;<\/p>\n<p><strong>Conseils de conservation<\/strong><\/p>\n<p>A conserver \u00e0 l\u2019abri de la lumi\u00e8re et de l\u2019humidit\u00e9, dans un endroit frais et sec.<\/p>\n<p>&nbsp;<\/p>\n<p><strong><u>Ce produit contient<\/u><\/strong><\/p>\n<p>Ingr\u00e9dients : AMANDES (53%), sucre, amidon de riz, gomme d\u2019acacia, ar\u00f4me vanille.<\/p>\n<p>Peut contenir d\u2019autres fruits \u00e0 coque, gluten, lait, \u0153uf, arachides, soja.<\/p>\n","protected":false},"excerpt":{"rendered":"<p><span>Drag\u00e9e amande Avola Imp\u00e9riale sublime. La qualit\u00e9 d\u2019une amande italienne tr\u00e8s finement enrob\u00e9e de sucre pour r\u00e9v\u00e9ler un ar\u00f4me intense.<\/span><\/p>\n<p>Amande 53% &#8211; Qualit\u00e9 d&#8217;exception<\/p>\n","protected":false},"featured_media":28807,"comment_status":"open","ping_status":"closed","template":"","meta":[],"product_cat":[30,45],"product_tag":[],"_links":{"self":[{"href":"https:\/\/confiserie-adam.fr\/boutique\/wp-json\/wp\/v2\/product\/15024"}],"collection":[{"href":"https:\/\/confiserie-adam.fr\/boutique\/wp-json\/wp\/v2\/product"}],"about":[{"href":"https:\/\/confiserie-adam.fr\/boutique\/wp-json\/wp\/v2\/types\/product"}],"replies":[{"embeddable":true,"href":"https:\/\/confiserie-adam.fr\/boutique\/wp-json\/wp\/v2\/comments?post=15024"}],"wp:featuredmedia":[{"embeddable":true,"href":"https:\/\/confiserie-adam.fr\/boutique\/wp-json\/wp\/v2\/media\/28807"}],"wp:attachment":[{"href":"https:\/\/confiserie-adam.fr\/boutique\/wp-json\/wp\/v2\/media?parent=15024"}],"wp:term":[{"taxonomy":"product_cat","embeddable":true,"href":"https:\/\/confiserie-adam.fr\/boutique\/wp-json\/wp\/v2\/product_cat?post=15024"},{"taxonomy":"product_tag","embeddable":true,"href":"https:\/\/confiserie-adam.fr\/boutique\/wp-json\/wp\/v2\/product_tag?post=15024"}],"curies":[{"name":"wp","href":"https:\/\/api.w.org\/{rel}","templated":true}]}}